CRAN Package Check Results for Package jubilee

Last updated on 2024-06-21 00:57:14 CEST.

Flavor Version Tinstall Tcheck Ttotal Status Flags
r-devel-linux-x86_64-debian-clang 0.3.3 10.79 93.95 104.74 NOTE
r-devel-linux-x86_64-debian-gcc 0.3.3 6.66 73.11 79.77 NOTE
r-devel-linux-x86_64-fedora-clang 0.3.3 137.12 NOTE
r-devel-linux-x86_64-fedora-gcc 0.3.3 139.05 NOTE
r-devel-windows-x86_64 0.3.3 9.00 133.00 142.00 NOTE
r-patched-linux-x86_64 0.3.3 9.93 92.35 102.28 NOTE
r-release-linux-x86_64 0.3.3 6.31 93.90 100.21 NOTE
r-release-macos-arm64 0.3.3 49.00 NOTE
r-release-macos-x86_64 0.3.3 74.00 NOTE
r-release-windows-x86_64 0.3.3 11.00 140.00 151.00 NOTE
r-oldrel-macos-arm64 0.3.3 47.00 NOTE
r-oldrel-macos-x86_64 0.3.3 83.00 NOTE
r-oldrel-windows-x86_64 0.3.3 11.00 141.00 152.00 NOTE

Check Details

Version: 0.3.3
Check: LazyData
Result: NOTE 'LazyData' is specified without a 'data' directory Flavors: r-devel-linux-x86_64-debian-clang, r-devel-linux-x86_64-debian-gcc, r-devel-linux-x86_64-fedora-clang, r-devel-linux-x86_64-fedora-gcc, r-devel-windows-x86_64, r-patched-linux-x86_64, r-release-linux-x86_64, r-release-macos-arm64, r-release-macos-x86_64, r-release-windows-x86_64, r-oldrel-macos-arm64, r-oldrel-macos-x86_64, r-oldrel-windows-x86_64