CRAN Package Check Results for Package kpodclustr

Last updated on 2024-06-18 08:55:28 CEST.

Flavor Version Tinstall Tcheck Ttotal Status Flags
r-devel-linux-x86_64-debian-clang 1.1 2.18 16.73 18.91 NOTE
r-devel-linux-x86_64-debian-gcc 1.1 1.69 16.55 18.24 NOTE
r-devel-linux-x86_64-fedora-clang 1.1 30.23 NOTE
r-devel-linux-x86_64-fedora-gcc 1.1 28.64 NOTE
r-devel-windows-x86_64 1.1 2.00 35.00 37.00 NOTE
r-patched-linux-x86_64 1.1 1.88 21.33 23.21 NOTE
r-release-linux-x86_64 1.1 1.82 20.20 22.02 NOTE
r-release-macos-arm64 1.1 14.00 NOTE
r-release-macos-x86_64 1.1 20.00 NOTE
r-release-windows-x86_64 1.1 2.00 36.00 38.00 NOTE
r-oldrel-macos-arm64 1.1 14.00 NOTE
r-oldrel-macos-x86_64 1.1 17.00 NOTE
r-oldrel-windows-x86_64 1.1 6.00 35.00 41.00 NOTE

Check Details

Version: 1.1
Check: LazyData
Result: NOTE 'LazyData' is specified without a 'data' directory Flavors: r-devel-linux-x86_64-debian-clang, r-devel-linux-x86_64-debian-gcc, r-devel-linux-x86_64-fedora-clang, r-devel-linux-x86_64-fedora-gcc, r-devel-windows-x86_64, r-patched-linux-x86_64, r-release-linux-x86_64, r-release-macos-arm64, r-release-macos-x86_64, r-release-windows-x86_64, r-oldrel-macos-arm64, r-oldrel-macos-x86_64, r-oldrel-windows-x86_64