CRAN Package Check Results for Package l2boost

Last updated on 2024-06-24 00:50:12 CEST.

Flavor Version Tinstall Tcheck Ttotal Status Flags
r-devel-linux-x86_64-debian-clang 1.0.3 3.63 40.77 44.40 NOTE
r-devel-linux-x86_64-debian-gcc 1.0.3 2.71 31.20 33.91 NOTE
r-devel-linux-x86_64-fedora-clang 1.0.3 57.76 NOTE
r-devel-linux-x86_64-fedora-gcc 1.0.3 53.23 NOTE
r-devel-windows-x86_64 1.0.3 5.00 60.00 65.00 NOTE
r-patched-linux-x86_64 1.0.3 3.93 40.55 44.48 NOTE
r-release-linux-x86_64 1.0.3 3.68 38.85 42.53 NOTE
r-release-macos-arm64 1.0.3 22.00 NOTE
r-release-macos-x86_64 1.0.3 30.00 NOTE
r-release-windows-x86_64 1.0.3 5.00 58.00 63.00 NOTE
r-oldrel-macos-arm64 1.0.3 21.00 OK
r-oldrel-macos-x86_64 1.0.3 30.00 OK
r-oldrel-windows-x86_64 1.0.3 3.00 60.00 63.00 OK

Check Details

Version: 1.0.3
Check: Rd files
Result: NOTE checkRd: (-1) predict.l2boost.Rd:24: Lost braces in \itemize; \value handles \item{}{} directly checkRd: (-1) predict.l2boost.Rd:25: Lost braces in \itemize; \value handles \item{}{} directly checkRd: (-1) predict.l2boost.Rd:29: Lost braces in \itemize; \value handles \item{}{} directly checkRd: (-1) predict.l2boost.Rd:30: Lost braces in \itemize; \value handles \item{}{} directly checkRd: (-1) predict.l2boost.Rd:31: Lost braces in \itemize; \value handles \item{}{} directly checkRd: (-1) predict.l2boost.Rd:32: Lost braces in \itemize; \value handles \item{}{} directly Flavors: r-devel-linux-x86_64-debian-clang, r-devel-linux-x86_64-debian-gcc, r-devel-linux-x86_64-fedora-clang, r-devel-linux-x86_64-fedora-gcc, r-devel-windows-x86_64, r-patched-linux-x86_64, r-release-linux-x86_64, r-release-macos-arm64, r-release-macos-x86_64, r-release-windows-x86_64