CRAN Package Check Results for Package lazybar

Last updated on 2024-07-25 16:46:16 CEST.

Flavor Version Tinstall Tcheck Ttotal Status Flags
r-devel-linux-x86_64-debian-clang 0.1.0 3.30 20.50 23.80 NOTE
r-devel-linux-x86_64-debian-gcc 0.1.0 2.13 16.01 18.14 NOTE
r-devel-linux-x86_64-fedora-clang 0.1.0 30.66 NOTE
r-devel-linux-x86_64-fedora-gcc 0.1.0 28.41 NOTE
r-devel-windows-x86_64 0.1.0 3.00 37.00 40.00 NOTE
r-patched-linux-x86_64 0.1.0 NOTE
r-release-linux-x86_64 0.1.0 2.75 20.16 22.91 NOTE
r-release-macos-arm64 0.1.0 14.00 NOTE
r-release-macos-x86_64 0.1.0 19.00 NOTE
r-release-windows-x86_64 0.1.0 4.00 37.00 41.00 NOTE
r-oldrel-macos-arm64 0.1.0 15.00 NOTE
r-oldrel-macos-x86_64 0.1.0 19.00 NOTE
r-oldrel-windows-x86_64 0.1.0 3.00 37.00 40.00 NOTE

Check Details

Version: 0.1.0
Check: LazyData
Result: NOTE 'LazyData' is specified without a 'data' directory Flavors: r-devel-linux-x86_64-debian-clang, r-devel-linux-x86_64-debian-gcc, r-devel-linux-x86_64-fedora-clang, r-devel-linux-x86_64-fedora-gcc, r-devel-windows-x86_64, r-patched-linux-x86_64, r-release-linux-x86_64, r-release-macos-arm64, r-release-macos-x86_64, r-release-windows-x86_64, r-oldrel-macos-arm64, r-oldrel-macos-x86_64, r-oldrel-windows-x86_64

Version: 0.1.0
Check: dependencies in R code
Result: NOTE Namespace in Imports field not imported from: ‘R6’ All declared Imports should be used. Flavors: r-devel-linux-x86_64-fedora-clang, r-devel-linux-x86_64-fedora-gcc