CRAN Package Check Results for Package leabRa

Last updated on 2024-07-25 16:46:16 CEST.

Flavor Version Tinstall Tcheck Ttotal Status Flags
r-devel-linux-x86_64-debian-clang 0.1.0 4.56 148.34 152.90 OK
r-devel-linux-x86_64-debian-gcc 0.1.0 4.80 106.82 111.62 NOTE
r-devel-linux-x86_64-fedora-clang 0.1.0 185.25 OK
r-devel-linux-x86_64-fedora-gcc 0.1.0 189.89 OK
r-devel-windows-x86_64 0.1.0 6.00 132.00 138.00 NOTE
r-patched-linux-x86_64 0.1.0 OK
r-release-linux-x86_64 0.1.0 6.45 142.14 148.59 OK
r-release-macos-arm64 0.1.0 55.00 OK
r-release-macos-x86_64 0.1.0 100.00 OK
r-release-windows-x86_64 0.1.0 6.00 131.00 137.00 OK
r-oldrel-macos-arm64 0.1.0 61.00 OK
r-oldrel-macos-x86_64 0.1.0 102.00 OK
r-oldrel-windows-x86_64 0.1.0 7.00 146.00 153.00 OK

Check Details

Version: 0.1.0
Check: Rd cross-references
Result: NOTE Found the following Rd file(s) with Rd \link{} targets missing package anchors: layer.Rd: R6Class leabRa.Rd: R6Class network.Rd: R6Class unit.Rd: R6Class Please provide package anchors for all Rd \link{} targets not in the package itself and the base packages. Flavors: r-devel-linux-x86_64-debian-gcc, r-devel-windows-x86_64