CRAN Package Check Results for Package leaps

Last updated on 2024-06-15 00:54:09 CEST.

Flavor Version Tinstall Tcheck Ttotal Status Flags
r-devel-linux-x86_64-debian-clang 3.2 5.64 26.27 31.91 OK
r-devel-linux-x86_64-debian-gcc 3.2 4.03 20.28 24.31 OK
r-devel-linux-x86_64-fedora-clang 3.2 40.64 OK
r-devel-linux-x86_64-fedora-gcc 3.2 38.96 OK
r-devel-windows-x86_64 3.2 8.00 43.00 51.00 OK
r-patched-linux-x86_64 3.2 5.29 25.69 30.98 OK
r-release-linux-x86_64 3.1 3.89 25.73 29.62 NOTE
r-release-macos-arm64 3.2 32.00 OK
r-release-macos-x86_64 3.2 65.00 OK
r-release-windows-x86_64 3.2 10.00 44.00 54.00 OK
r-oldrel-macos-arm64 3.2 28.00 OK
r-oldrel-macos-x86_64 3.2 62.00 OK
r-oldrel-windows-x86_64 3.2 7.00 47.00 54.00 OK

Check Details

Version: 3.1
Check: Rd files
Result: NOTE checkRd: (-1) leaps.Rd:38: Escaped LaTeX specials: \& Flavor: r-release-linux-x86_64