CRAN Package Check Results for Package likert

Last updated on 2024-07-22 00:50:40 CEST.

Flavor Version Tinstall Tcheck Ttotal Status Flags
r-devel-linux-x86_64-debian-clang 1.3.5 7.70 76.22 83.92 OK
r-devel-linux-x86_64-debian-gcc 1.3.5 6.43 58.16 64.59 NOTE
r-devel-linux-x86_64-fedora-clang 1.3.5 111.55 NOTE
r-devel-linux-x86_64-fedora-gcc 1.3.5 114.22 NOTE
r-devel-windows-x86_64 1.3.5 8.00 86.00 94.00 NOTE
r-patched-linux-x86_64 1.3.5 12.49 74.27 86.76 OK
r-release-linux-x86_64 1.3.5 6.10 74.27 80.37 OK
r-release-macos-arm64 1.3.5 39.00 OK
r-release-macos-x86_64 1.3.5 59.00 OK
r-release-windows-x86_64 1.3.5 8.00 89.00 97.00 OK
r-oldrel-macos-arm64 1.3.5 44.00 OK
r-oldrel-macos-x86_64 1.3.5 65.00 OK
r-oldrel-windows-x86_64 1.3.5 11.00 92.00 103.00 OK

Check Details

Version: 1.3.5
Check: Rd cross-references
Result: NOTE Found the following Rd file(s) with Rd \link{} targets missing package anchors: plot.likert.Rd: theme plot.likert.gap.Rd: theme print.xlikert.Rd: print.xtable xtable.likert.Rd: xtable, print.xtable Please provide package anchors for all Rd \link{} targets not in the package itself and the base packages. Flavors: r-devel-linux-x86_64-debian-gcc, r-devel-windows-x86_64

Version: 1.3.5
Check: data for non-ASCII characters
Result: NOTE Note: found 7 marked UTF-8 strings Flavors: r-devel-linux-x86_64-fedora-clang, r-devel-linux-x86_64-fedora-gcc