CRAN Package Check Results for Package linkspotter

Last updated on 2024-07-19 09:57:20 CEST.

Flavor Version Tinstall Tcheck Ttotal Status Flags
r-devel-linux-x86_64-debian-clang 1.3.0 9.78 105.97 115.75 NOTE
r-devel-linux-x86_64-debian-gcc 1.3.0 7.06 79.41 86.47 NOTE
r-devel-linux-x86_64-fedora-clang 1.3.0 147.96 NOTE
r-devel-linux-x86_64-fedora-gcc 1.3.0 149.00 NOTE
r-devel-windows-x86_64 1.3.0 11.00 94.00 105.00 NOTE
r-patched-linux-x86_64 1.3.0 8.86 99.95 108.81 NOTE
r-release-linux-x86_64 1.3.0 6.22 99.44 105.66 NOTE
r-release-macos-arm64 1.3.0 49.00 NOTE
r-release-macos-x86_64 1.3.0 124.00 NOTE
r-release-windows-x86_64 1.3.0 11.00 96.00 107.00 NOTE
r-oldrel-macos-arm64 1.3.0 44.00 NOTE
r-oldrel-macos-x86_64 1.3.0 82.00 NOTE
r-oldrel-windows-x86_64 1.3.0 13.00 113.00 126.00 NOTE

Check Details

Version: 1.3.0
Check: LazyData
Result: NOTE 'LazyData' is specified without a 'data' directory Flavors: r-devel-linux-x86_64-debian-clang, r-devel-linux-x86_64-debian-gcc, r-devel-linux-x86_64-fedora-clang, r-devel-linux-x86_64-fedora-gcc, r-devel-windows-x86_64, r-patched-linux-x86_64, r-release-linux-x86_64, r-release-macos-arm64, r-release-macos-x86_64, r-release-windows-x86_64, r-oldrel-macos-arm64, r-oldrel-macos-x86_64, r-oldrel-windows-x86_64