CRAN Package Check Results for Package linprog

Last updated on 2024-07-13 00:55:29 CEST.

Flavor Version Tinstall Tcheck Ttotal Status Flags
r-devel-linux-x86_64-debian-clang 0.9-4 3.46 28.17 31.63 NOTE
r-devel-linux-x86_64-debian-gcc 0.9-4 2.42 22.13 24.55 NOTE
r-devel-linux-x86_64-fedora-clang 0.9-4 41.50 NOTE
r-devel-linux-x86_64-fedora-gcc 0.9-4 38.53 NOTE
r-devel-windows-x86_64 0.9-4 4.00 43.00 47.00 NOTE
r-patched-linux-x86_64 0.9-4 3.67 27.38 31.05 NOTE
r-release-linux-x86_64 0.9-4 2.22 27.76 29.98 NOTE
r-release-macos-arm64 0.9-4 15.00 NOTE
r-release-macos-x86_64 0.9-4 23.00 NOTE
r-release-windows-x86_64 0.9-4 4.00 43.00 47.00 NOTE
r-oldrel-macos-arm64 0.9-4 19.00 NOTE
r-oldrel-macos-x86_64 0.9-4 22.00 NOTE
r-oldrel-windows-x86_64 0.9-4 4.00 45.00 49.00 NOTE

Check Details

Version: 0.9-4
Check: Rd files
Result: NOTE checkRd: (-1) solveLP.Rd:119: Escaped LaTeX specials: \& Flavors: r-devel-linux-x86_64-debian-clang, r-devel-linux-x86_64-debian-gcc, r-devel-linux-x86_64-fedora-clang, r-devel-linux-x86_64-fedora-gcc, r-devel-windows-x86_64, r-patched-linux-x86_64, r-release-linux-x86_64, r-release-macos-arm64, r-release-macos-x86_64, r-release-windows-x86_64, r-oldrel-macos-arm64, r-oldrel-macos-x86_64, r-oldrel-windows-x86_64