CRAN Package Check Results for Package maGUI

Last updated on 2024-05-19 16:53:09 CEST.

Flavor Version Tinstall Tcheck Ttotal Status Flags
r-devel-linux-x86_64-fedora-clang 4.0 70.12 OK
r-devel-linux-x86_64-fedora-gcc 4.0 72.43 NOTE
r-devel-windows-x86_64 4.0 5.00 51.00 56.00 OK
r-release-macos-arm64 4.0 33.00 NOTE
r-release-macos-x86_64 4.0 53.00 NOTE
r-release-windows-x86_64 4.0 5.00 51.00 56.00 OK
r-oldrel-macos-arm64 4.0 25.00 NOTE
r-oldrel-macos-x86_64 4.0 46.00 NOTE
r-oldrel-windows-x86_64 4.0 6.00 55.00 61.00 OK

Check Details

Version: 4.0
Check: package dependencies
Result: NOTE Packages suggested but not available for checking: 'pdInfoBuilder', 'oligo' Flavor: r-devel-linux-x86_64-fedora-gcc

Version: 4.0
Check: package dependencies
Result: NOTE Packages suggested but not available for checking: 'lumi', 'beadarray' Flavor: r-release-macos-arm64

Version: 4.0
Check: package dependencies
Result: NOTE Packages suggested but not available for checking: 'GEOmetadb', 'WGCNA', 'lumi' Flavor: r-release-macos-x86_64

Version: 4.0
Check: package dependencies
Result: NOTE Packages suggested but not available for checking: 'ssize', 'GEOquery', 'GEOmetadb', 'WGCNA', 'pdInfoBuilder', 'lumi', 'oligo', 'GOstats' Flavor: r-oldrel-macos-arm64

Version: 4.0
Check: package dependencies
Result: NOTE Packages suggested but not available for checking: 'ssize', 'WGCNA', 'KEGGgraph', 'pdInfoBuilder', 'lumi', 'oligo', 'affy', 'genefilter', 'beadarray', 'GOstats', 'Category', 'impute' Flavor: r-oldrel-macos-x86_64