CRAN Package Check Results for Package madness

Last updated on 2024-07-24 08:56:52 CEST.

Flavor Version Tinstall Tcheck Ttotal Status Flags
r-devel-linux-x86_64-debian-clang 0.2.8 18.30 126.36 144.66 OK
r-devel-linux-x86_64-debian-gcc 0.2.8 15.99 98.71 114.70 OK
r-devel-linux-x86_64-fedora-clang 0.2.8 189.28 OK
r-devel-linux-x86_64-fedora-gcc 0.2.8 192.71 OK
r-devel-windows-x86_64 0.2.8 17.00 144.00 161.00 OK
r-patched-linux-x86_64 0.2.8 18.32 125.70 144.02 OK
r-release-linux-x86_64 0.2.8 16.98 125.40 142.38 OK
r-release-macos-arm64 0.2.8 66.00 OK
r-release-macos-x86_64 0.2.8 104.00 WARN
r-release-windows-x86_64 0.2.8 17.00 138.00 155.00 OK
r-oldrel-macos-arm64 0.2.8 73.00 OK
r-oldrel-macos-x86_64 0.2.8 170.00 OK
r-oldrel-windows-x86_64 0.2.8 24.00 157.00 181.00 OK

Check Details

Version: 0.2.8
Check: re-building of vignette outputs
Result: WARN Error(s) in re-building vignettes: ... --- re-building ‘introducing_madness.Rnw’ using knitr Error: processing vignette 'introducing_madness.Rnw' failed with diagnostics: Running 'texi2dvi' on 'introducing_madness.tex' failed. LaTeX errors: ! Undefined control sequence. l.1526 \hlkwd{require}\hldef {(madness)} ? ! Emergency stop. ! Emergency stop. l.1526 End of file on the terminal! ! ==> Fatal error occurred, no output PDF file produced! --- failed re-building ‘introducing_madness.Rnw’ SUMMARY: processing the following file failed: ‘introducing_madness.Rnw’ Error: Vignette re-building failed. Execution halted Flavor: r-release-macos-x86_64