CRAN Package Check Results for Package meltr

Last updated on 2024-07-22 00:50:41 CEST.

Flavor Version Tinstall Tcheck Ttotal Status Flags
r-devel-linux-x86_64-debian-clang 1.0.2 46.89 52.60 99.49 NOTE
r-devel-linux-x86_64-debian-gcc 1.0.2 32.94 39.61 72.55 NOTE
r-devel-linux-x86_64-fedora-clang 1.0.2 154.65 NOTE
r-devel-linux-x86_64-fedora-gcc 1.0.2 141.80 NOTE
r-devel-windows-x86_64 1.0.2 50.00 77.00 127.00 NOTE
r-patched-linux-x86_64 1.0.2 45.84 50.74 96.58 OK
r-release-linux-x86_64 1.0.2 41.80 49.91 91.71 OK
r-release-macos-arm64 1.0.2 35.00 OK
r-release-macos-x86_64 1.0.2 48.00 OK
r-release-windows-x86_64 1.0.2 45.00 76.00 121.00 OK
r-oldrel-macos-arm64 1.0.2 44.00 OK
r-oldrel-macos-x86_64 1.0.2 59.00 OK
r-oldrel-windows-x86_64 1.0.2 57.00 84.00 141.00 OK

Check Details

Version: 1.0.2
Check: compiled code
Result: NOTE File ‘meltr/libs/meltr.so’: Found non-API calls to R: ‘Rf_findVarInFrame3’, ‘SETLENGTH’, ‘SET_GROWABLE_BIT’, ‘SET_TRUELENGTH’ Compiled code should not call non-API entry points in R. See ‘Writing portable packages’ in the ‘Writing R Extensions’ manual, and section ‘Moving into C API compliance’ for issues with the use of non-API entry points. Flavors: r-devel-linux-x86_64-debian-clang, r-devel-linux-x86_64-debian-gcc, r-devel-linux-x86_64-fedora-clang, r-devel-linux-x86_64-fedora-gcc

Version: 1.0.2
Check: Rd cross-references
Result: NOTE Found the following Rd file(s) with Rd \link{} targets missing package anchors: melt_delim.Rd: tibble melt_delim_chunked.Rd: tibble melt_fwf.Rd: tibble melt_table.Rd: tibble Please provide package anchors for all Rd \link{} targets not in the package itself and the base packages. Flavors: r-devel-linux-x86_64-debian-gcc, r-devel-windows-x86_64

Version: 1.0.2
Check: compiled code
Result: NOTE File 'meltr/libs/x64/meltr.dll': Found non-API calls to R: 'Rf_findVarInFrame3', 'SETLENGTH', 'SET_GROWABLE_BIT', 'SET_TRUELENGTH' Compiled code should not call non-API entry points in R. See 'Writing portable packages' in the 'Writing R Extensions' manual, and section 'Moving into C API compliance' for issues with the use of non-API entry points. Flavor: r-devel-windows-x86_64