CRAN Package Check Results for Package metaprotr

Last updated on 2024-06-24 08:50:02 CEST.

Flavor Version Tinstall Tcheck Ttotal Status Flags
r-devel-linux-x86_64-debian-clang 1.2.2 11.37 82.27 93.64 OK
r-devel-linux-x86_64-debian-gcc 1.2.2 9.67 58.51 68.18 OK
r-devel-linux-x86_64-fedora-clang 1.2.2 115.43 NOTE
r-devel-linux-x86_64-fedora-gcc 1.2.2 106.73 NOTE
r-devel-windows-x86_64 1.2.2 12.00 76.00 88.00 OK
r-patched-linux-x86_64 1.2.2 7.76 76.77 84.53 OK
r-release-linux-x86_64 1.2.2 7.39 77.13 84.52 OK
r-release-macos-arm64 1.2.2 33.00 OK
r-release-macos-x86_64 1.2.2 47.00 OK
r-release-windows-x86_64 1.2.2 12.00 76.00 88.00 OK
r-oldrel-macos-arm64 1.2.2 36.00 OK
r-oldrel-macos-x86_64 1.2.2 56.00 OK
r-oldrel-windows-x86_64 1.2.2 14.00 93.00 107.00 OK

Check Details

Version: 1.2.2
Check: dependencies in R code
Result: NOTE Namespaces in Imports field not imported from: ‘ade4’ ‘dendextend’ ‘ggforce’ ‘ggrepel’ ‘stringr’ ‘tidyverse’ All declared Imports should be used. Flavors: r-devel-linux-x86_64-fedora-clang, r-devel-linux-x86_64-fedora-gcc