CRAN Package Check Results for Package mhtboot

Last updated on 2024-07-14 08:48:27 CEST.

Flavor Version Tinstall Tcheck Ttotal Status Flags
r-devel-linux-x86_64-debian-clang 1.3.3 6.97 116.66 123.63 NOTE
r-devel-linux-x86_64-debian-gcc 1.3.3 4.70 83.96 88.66 NOTE
r-devel-linux-x86_64-fedora-clang 1.3.3 154.23 NOTE
r-devel-linux-x86_64-fedora-gcc 1.3.3 164.92 NOTE
r-devel-windows-x86_64 1.3.3 8.00 107.00 115.00 NOTE
r-patched-linux-x86_64 1.3.3 6.62 111.25 117.87 NOTE
r-release-linux-x86_64 1.3.3 6.74 110.21 116.95 NOTE
r-release-macos-arm64 1.3.3 42.00 NOTE
r-release-macos-x86_64 1.3.3 70.00 WARN
r-release-windows-x86_64 1.3.3 7.00 107.00 114.00 NOTE
r-oldrel-macos-arm64 1.3.3 49.00 NOTE
r-oldrel-macos-x86_64 1.3.3 105.00 NOTE
r-oldrel-windows-x86_64 1.3.3 8.00 126.00 134.00 NOTE

Check Details

Version: 1.3.3
Check: LazyData
Result: NOTE 'LazyData' is specified without a 'data' directory Flavors: r-devel-linux-x86_64-debian-clang, r-devel-linux-x86_64-debian-gcc, r-devel-linux-x86_64-fedora-clang, r-devel-linux-x86_64-fedora-gcc, r-devel-windows-x86_64, r-patched-linux-x86_64, r-release-linux-x86_64, r-release-macos-arm64, r-release-macos-x86_64, r-release-windows-x86_64, r-oldrel-macos-arm64, r-oldrel-macos-x86_64, r-oldrel-windows-x86_64

Version: 1.3.3
Check: re-building of vignette outputs
Result: WARN Error(s) in re-building vignettes: ... --- re-building ‘vignette1.Rnw’ using knitr Error: processing vignette 'vignette1.Rnw' failed with diagnostics: Running 'texi2dvi' on 'vignette1.tex' failed. LaTeX errors: ! Undefined control sequence. l.95 \hlkwd{set.seed}\hldef {(}\hlnum{12345}\hldef{)} ? ! Emergency stop. ! Emergency stop. l.95 End of file on the terminal! ! ==> Fatal error occurred, no output PDF file produced! --- failed re-building ‘vignette1.Rnw’ SUMMARY: processing the following file failed: ‘vignette1.Rnw’ Error: Vignette re-building failed. Execution halted Flavor: r-release-macos-x86_64