CRAN Package Check Results for Package mlergm

Last updated on 2024-07-20 16:49:08 CEST.

Flavor Version Tinstall Tcheck Ttotal Status Flags
r-devel-linux-x86_64-debian-clang 0.8 15.55 144.40 159.95 OK
r-devel-linux-x86_64-debian-gcc 0.8 10.63 108.07 118.70 OK
r-devel-linux-x86_64-fedora-clang 0.8 212.07 OK
r-devel-linux-x86_64-fedora-gcc 0.8 212.53 OK
r-devel-windows-x86_64 0.8 14.00 108.00 122.00 NOTE
r-patched-linux-x86_64 0.8 21.24 136.59 157.83 OK
r-release-linux-x86_64 0.8 15.16 139.43 154.59 OK
r-release-macos-arm64 0.8 65.00 OK
r-release-macos-x86_64 0.8 94.00 OK
r-release-windows-x86_64 0.8 14.00 109.00 123.00 OK
r-oldrel-macos-arm64 0.8 60.00 OK
r-oldrel-macos-x86_64 0.8 99.00 OK
r-oldrel-windows-x86_64 0.8 20.00 135.00 155.00 OK

Check Details

Version: 0.8
Check: Rd cross-references
Result: NOTE Found the following Rd file(s) with Rd \link{} targets missing package anchors: mlergm.Rd: ergm.terms mlnet.Rd: network, ggnet2 Please provide package anchors for all Rd \link{} targets not in the package itself and the base packages. Flavor: r-devel-windows-x86_64