CRAN Package Check Results for Package mlr3viz

Last updated on 2024-07-15 16:56:26 CEST.

Flavor Version Tinstall Tcheck Ttotal Status Flags
r-devel-linux-x86_64-debian-clang 0.9.0 9.60 209.01 218.61 OK
r-devel-linux-x86_64-debian-gcc 0.9.0 6.78 152.18 158.96 OK
r-devel-linux-x86_64-fedora-clang 0.9.0 264.83 NOTE
r-devel-linux-x86_64-fedora-gcc 0.9.0 240.33 OK
r-devel-windows-x86_64 0.9.0 10.00 136.00 146.00 OK
r-patched-linux-x86_64 0.9.0 7.36 196.27 203.63 OK
r-release-linux-x86_64 0.9.0 6.13 194.66 200.79 OK
r-release-macos-arm64 0.9.0 73.00 OK
r-release-macos-x86_64 0.9.0 199.00 OK
r-release-windows-x86_64 0.9.0 8.00 143.00 151.00 OK
r-oldrel-macos-arm64 0.9.0 66.00 ERROR
r-oldrel-macos-x86_64 0.9.0 97.00 ERROR
r-oldrel-windows-x86_64 0.9.0 10.00 185.00 195.00 OK

Check Details

Version: 0.9.0
Check: Rd cross-references
Result: NOTE Undeclared package ‘stabm’ in Rd xrefs Flavor: r-devel-linux-x86_64-fedora-clang

Version: 0.9.0
Check: Rd cross-references
Result: WARN Missing link or links in documentation object 'autoplot.EnsembleFSResult.Rd': ‘[mlr3fselect:ensemble_fs_result]{EnsembleFSResult}’ ‘[mlr3fselect:ensemble_fs_result]{mlr3fselect::EnsembleFSResult}’ Missing link or links in documentation object 'autoplot.OptimInstanceBatchSingleCrit.Rd': ‘[bbotk:OptimInstanceBatchSingleCrit]{bbotk::OptimInstanceBatchSingleCrit}’ Missing link or links in documentation object 'autoplot.TuningInstanceBatchSingleCrit.Rd': ‘[mlr3tuning:TuningInstanceBatchSingleCrit]{mlr3tuning::TuningInstanceBatchSingleCrit}’ See section 'Cross-references' in the 'Writing R Extensions' manual. Flavors: r-oldrel-macos-arm64, r-oldrel-macos-x86_64

Version: 0.9.0
Check: examples
Result: ERROR Running examples in ‘mlr3viz-Ex.R’ failed The error most likely occurred in: > ### Name: autoplot.OptimInstanceBatchSingleCrit > ### Title: Plots for Optimization Instances > ### Aliases: autoplot.OptimInstanceBatchSingleCrit > > ### ** Examples > > if (requireNamespace("mlr3") && requireNamespace("bbotk") && requireNamespace("patchwork")) { + library(bbotk) + library(paradox) + + fun = function(xs) { + c(y = -(xs[[1]] - 2)^2 - (xs[[2]] + 3)^2 + 10) + } + domain = ps( + x1 = p_dbl(-10, 10), + x2 = p_dbl(-5, 5) + ) + codomain = ps( + y = p_dbl(tags = "maximize") + ) + obfun = ObjectiveRFun$new( + fun = fun, + domain = domain, + codomain = codomain + ) + + instance = oi(objective = obfun, terminator = trm("evals", n_evals = 20)) + + optimizer = opt("random_search", batch_size = 2) + optimizer$optimize(instance) + + # plot y versus batch number + print(autoplot(instance, type = "performance")) + + # plot x1 values versus performance + print(autoplot(instance, type = "marginal", cols_x = "x1")) + + # plot parallel coordinates plot + print(autoplot(instance, type = "parallel")) + + # plot pairs + print(autoplot(instance, type = "pairs")) + + # plot incumbent + print(autoplot(instance, type = "incumbent")) + } Loading required namespace: bbotk Loading required namespace: patchwork Loading required package: paradox Error in oi(objective = obfun, terminator = trm("evals", n_evals = 20)) : could not find function "oi" Execution halted Flavors: r-oldrel-macos-arm64, r-oldrel-macos-x86_64

Version: 0.9.0
Check: tests
Result: ERROR Running ‘testthat.R’ [20s/19s] Running the tests in ‘tests/testthat.R’ failed. Last 13 lines of output: • TuningInstanceSingleCrit/tisc-parameter-trafo-01.svg • TuningInstanceSingleCrit/tisc-parameter-trafo-02.svg • TuningInstanceSingleCrit/tisc-parameter-x-domain-01.svg • TuningInstanceSingleCrit/tisc-performance.svg • TuningInstanceSingleCrit/tisc-points.svg • TuningInstanceSingleCrit/tisc-surface-grid-50.svg • TuningInstanceSingleCrit/tisc-surface-regr-lm.svg • TuningInstanceSingleCrit/tisc-surface.svg • plot_learner_prediction/learner-prediction-1d-se.svg • plot_learner_prediction/learner-prediction-binary-prob.svg • plot_learner_prediction/learner-prediction-binary-response.svg • plot_learner_prediction/learner-prediction-categorical.svg • plot_learner_prediction/learner-prediction-prob.svg Error: Test failures Execution halted Flavor: r-oldrel-macos-arm64

Version: 0.9.0
Check: tests
Result: ERROR Running ‘testthat.R’ [31s/27s] Running the tests in ‘tests/testthat.R’ failed. Last 13 lines of output: • TuningInstanceSingleCrit/tisc-parameter-trafo-01.svg • TuningInstanceSingleCrit/tisc-parameter-trafo-02.svg • TuningInstanceSingleCrit/tisc-parameter-x-domain-01.svg • TuningInstanceSingleCrit/tisc-performance.svg • TuningInstanceSingleCrit/tisc-points.svg • TuningInstanceSingleCrit/tisc-surface-grid-50.svg • TuningInstanceSingleCrit/tisc-surface-regr-lm.svg • TuningInstanceSingleCrit/tisc-surface.svg • plot_learner_prediction/learner-prediction-1d-se.svg • plot_learner_prediction/learner-prediction-binary-prob.svg • plot_learner_prediction/learner-prediction-binary-response.svg • plot_learner_prediction/learner-prediction-categorical.svg • plot_learner_prediction/learner-prediction-prob.svg Error: Test failures Execution halted Flavor: r-oldrel-macos-x86_64