CRAN Package Check Results for Package mlxR

Last updated on 2024-07-13 00:55:31 CEST.

Flavor Version Tinstall Tcheck Ttotal Status Flags
r-devel-linux-x86_64-debian-clang 4.2.0 19.42 102.66 122.08 NOTE
r-devel-linux-x86_64-debian-gcc 4.2.0 14.32 72.07 86.39 NOTE
r-devel-linux-x86_64-fedora-clang 4.2.0 157.21 NOTE
r-devel-linux-x86_64-fedora-gcc 4.2.0 138.79 NOTE
r-devel-windows-x86_64 4.2.0 16.00 90.00 106.00 NOTE
r-patched-linux-x86_64 4.2.0 18.43 97.64 116.07 NOTE
r-release-linux-x86_64 4.2.0 14.77 95.56 110.33 NOTE
r-release-macos-arm64 4.2.0 38.00 NOTE
r-release-macos-x86_64 4.2.0 65.00 NOTE
r-release-windows-x86_64 4.2.0 16.00 86.00 102.00 NOTE
r-oldrel-macos-arm64 4.2.0 40.00 OK
r-oldrel-macos-x86_64 4.2.0 64.00 OK
r-oldrel-windows-x86_64 4.2.0 22.00 111.00 133.00 OK

Check Details

Version: 4.2.0
Check: Rd files
Result: NOTE checkRd: (-1) simpopmlx.Rd:21: Lost braces; missing escapes or markup? 21 | \item{fim}{the Fisher Information Matrix estimated by Monolix. fim={"sa", "lin"} (default="sa")} | ^ Flavors: r-devel-linux-x86_64-debian-clang, r-devel-linux-x86_64-debian-gcc, r-devel-linux-x86_64-fedora-clang, r-devel-linux-x86_64-fedora-gcc, r-devel-windows-x86_64, r-patched-linux-x86_64, r-release-linux-x86_64, r-release-macos-arm64, r-release-macos-x86_64, r-release-windows-x86_64