CRAN Package Check Results for Package mrgsolve

Last updated on 2024-07-22 16:57:19 CEST.

Flavor Version Tinstall Tcheck Ttotal Status Flags
r-devel-linux-x86_64-debian-clang 1.4.1 120.49 163.02 283.51 OK
r-devel-linux-x86_64-debian-gcc 1.4.1 90.57 120.19 210.76 OK
r-devel-linux-x86_64-fedora-clang 1.4.1 437.09 OK
r-devel-linux-x86_64-fedora-gcc 1.4.1 396.39 OK
r-devel-windows-x86_64 1.4.1 125.00 170.00 295.00 OK
r-patched-linux-x86_64 1.4.1 129.73 151.77 281.50 OK
r-release-linux-x86_64 1.4.1 111.06 153.54 264.60 OK
r-release-macos-arm64 1.4.1 94.00 NOTE
r-release-macos-x86_64 1.4.1 132.00 NOTE
r-release-windows-x86_64 1.4.1 143.00 178.00 321.00 OK
r-oldrel-macos-arm64 1.4.1 99.00 NOTE
r-oldrel-macos-x86_64 1.4.1 137.00 NOTE
r-oldrel-windows-x86_64 1.4.1 175.00 223.00 398.00 OK

Check Details

Version: 1.4.1
Check: installed package size
Result: NOTE installed size is 6.9Mb sub-directories of 1Mb or more: libs 5.0Mb Flavors: r-release-macos-arm64, r-release-macos-x86_64, r-oldrel-macos-arm64, r-oldrel-macos-x86_64