CRAN Package Check Results for Package msltrend

Last updated on 2024-06-18 08:55:31 CEST.

Flavor Version Tinstall Tcheck Ttotal Status Flags
r-devel-linux-x86_64-debian-clang 1.0 14.59 87.19 101.78 NOTE
r-devel-linux-x86_64-debian-gcc 1.0 10.66 63.32 73.98 NOTE
r-devel-linux-x86_64-fedora-clang 1.0 122.18 NOTE
r-devel-linux-x86_64-fedora-gcc 1.0 113.07 NOTE
r-devel-windows-x86_64 1.0 11.00 76.00 87.00 OK
r-patched-linux-x86_64 1.0 8.46 81.71 90.17 NOTE
r-release-linux-x86_64 1.0 7.83 82.40 90.23 NOTE
r-release-macos-arm64 1.0 41.00 OK
r-release-macos-x86_64 1.0 60.00 OK
r-release-windows-x86_64 1.0 11.00 77.00 88.00 OK
r-oldrel-macos-arm64 1.0 121.00 OK
r-oldrel-macos-x86_64 1.0 59.00 OK
r-oldrel-windows-x86_64 1.0 15.00 93.00 108.00 OK

Check Details

Version: 1.0
Check: for non-standard things in the check directory
Result: NOTE Found the following files/directories: ‘Acceleration.pdf’ ‘File1.pdf’ ‘Forecast.pdf’ ‘Series.pdf’ ‘Velocity.pdf’ Flavors: r-devel-linux-x86_64-debian-clang, r-devel-linux-x86_64-debian-gcc, r-devel-linux-x86_64-fedora-clang, r-devel-linux-x86_64-fedora-gcc, r-patched-linux-x86_64, r-release-linux-x86_64