CRAN Package Check Results for Package msme

Last updated on 2024-06-24 00:50:14 CEST.

Flavor Version Tinstall Tcheck Ttotal Status Flags
r-devel-linux-x86_64-debian-clang 0.5.3 4.55 57.49 62.04 NOTE
r-devel-linux-x86_64-debian-gcc 0.5.3 2.86 42.24 45.10 NOTE
r-devel-linux-x86_64-fedora-clang 0.5.3 74.48 NOTE
r-devel-linux-x86_64-fedora-gcc 0.5.3 71.25 NOTE
r-devel-windows-x86_64 0.5.3 4.00 76.00 80.00 NOTE
r-patched-linux-x86_64 0.5.3 4.72 55.47 60.19 NOTE
r-release-linux-x86_64 0.5.3 4.05 54.46 58.51 NOTE
r-release-macos-arm64 0.5.3 27.00 NOTE
r-release-macos-x86_64 0.5.3 40.00 NOTE
r-release-windows-x86_64 0.5.3 5.00 78.00 83.00 NOTE
r-oldrel-macos-arm64 0.5.3 31.00 NOTE
r-oldrel-macos-x86_64 0.5.3 43.00 NOTE
r-oldrel-windows-x86_64 0.5.3 5.00 83.00 88.00 NOTE

Check Details

Version: 0.5.3
Check: Rd files
Result: NOTE checkRd: (-1) ml_g.Rd:47: Escaped LaTeX specials: \& Flavors: r-devel-linux-x86_64-debian-clang, r-devel-linux-x86_64-debian-gcc, r-devel-linux-x86_64-fedora-clang, r-devel-linux-x86_64-fedora-gcc, r-devel-windows-x86_64, r-patched-linux-x86_64, r-release-linux-x86_64, r-release-macos-arm64, r-release-macos-x86_64, r-release-windows-x86_64, r-oldrel-macos-arm64, r-oldrel-macos-x86_64, r-oldrel-windows-x86_64