CRAN Package Check Results for Package multitool

Last updated on 2024-07-22 16:57:19 CEST.

Flavor Version Tinstall Tcheck Ttotal Status Flags
r-devel-linux-x86_64-debian-clang 0.1.4 6.86 175.32 182.18 OK
r-devel-linux-x86_64-debian-gcc 0.1.4 6.88 132.55 139.43 NOTE
r-devel-linux-x86_64-fedora-clang 0.1.4 240.88 NOTE
r-devel-linux-x86_64-fedora-gcc 0.1.4 232.61 OK
r-devel-windows-x86_64 0.1.4 12.00 145.00 157.00 NOTE
r-patched-linux-x86_64 0.1.4 16.58 166.82 183.40 OK
r-release-linux-x86_64 0.1.4 5.46 170.73 176.19 OK
r-release-macos-arm64 0.1.4 72.00 NOTE
r-release-macos-x86_64 0.1.4 103.00 NOTE
r-release-windows-x86_64 0.1.4 10.00 140.00 150.00 NOTE
r-oldrel-macos-arm64 0.1.4 85.00 NOTE
r-oldrel-macos-x86_64 0.1.4 199.00 NOTE
r-oldrel-windows-x86_64 0.1.4 11.00 188.00 199.00 NOTE

Check Details

Version: 0.1.4
Check: Rd cross-references
Result: NOTE Found the following Rd file(s) with Rd \link{} targets missing package anchors: condense.Rd: unnest Please provide package anchors for all Rd \link{} targets not in the package itself and the base packages. Flavors: r-devel-linux-x86_64-debian-gcc, r-devel-windows-x86_64

Version: 0.1.4
Check: installed package size
Result: NOTE installed size is 5.1Mb sub-directories of 1Mb or more: doc 4.3Mb Flavors: r-devel-linux-x86_64-fedora-clang, r-devel-windows-x86_64, r-release-macos-arm64, r-release-macos-x86_64, r-release-windows-x86_64, r-oldrel-macos-arm64, r-oldrel-macos-x86_64, r-oldrel-windows-x86_64