CRAN Package Check Results for Package mvnormalTest

Last updated on 2024-07-23 00:54:33 CEST.

Flavor Version Tinstall Tcheck Ttotal Status Flags
r-devel-linux-x86_64-debian-clang 1.0.0 10.89 128.43 139.32 OK
r-devel-linux-x86_64-debian-gcc 1.0.0 7.09 92.62 99.71 NOTE
r-devel-linux-x86_64-fedora-clang 1.0.0 162.09 OK
r-devel-linux-x86_64-fedora-gcc 1.0.0 155.00 OK
r-devel-windows-x86_64 1.0.0 9.00 101.00 110.00 NOTE
r-patched-linux-x86_64 1.0.0 9.78 117.05 126.83 OK
r-release-linux-x86_64 1.0.0 9.30 119.78 129.08 OK
r-release-macos-arm64 1.0.0 43.00 OK
r-release-macos-x86_64 1.0.0 84.00 OK
r-release-windows-x86_64 1.0.0 9.00 104.00 113.00 OK
r-oldrel-macos-arm64 1.0.0 46.00 OK
r-oldrel-macos-x86_64 1.0.0 83.00 OK
r-oldrel-windows-x86_64 1.0.0 12.00 126.00 138.00 OK

Check Details

Version: 1.0.0
Check: Rd cross-references
Result: NOTE Found the following Rd file(s) with Rd \link{} targets missing package anchors: mardia.Rd: mvn mhz.Rd: mvn msk.Rd: mvn msw.Rd: mvn Please provide package anchors for all Rd \link{} targets not in the package itself and the base packages. Flavors: r-devel-linux-x86_64-debian-gcc, r-devel-windows-x86_64