CRAN Package Check Results for Package natmanager

Last updated on 2024-07-22 00:50:42 CEST.

Flavor Version Tinstall Tcheck Ttotal Status Flags
r-devel-linux-x86_64-debian-clang 0.5.1 3.43 37.41 40.84 OK
r-devel-linux-x86_64-debian-gcc 0.5.1 3.21 28.09 31.30 NOTE
r-devel-linux-x86_64-fedora-clang 0.5.1 51.19 OK
r-devel-linux-x86_64-fedora-gcc 0.5.1 48.50 OK
r-devel-windows-x86_64 0.5.1 4.00 49.00 53.00 NOTE
r-patched-linux-x86_64 0.5.1 7.20 35.78 42.98 OK
r-release-linux-x86_64 0.5.1 3.40 35.13 38.53 OK
r-release-macos-arm64 0.5.1 22.00 OK
r-release-macos-x86_64 0.5.1 27.00 OK
r-release-windows-x86_64 0.5.1 5.00 48.00 53.00 OK
r-oldrel-macos-arm64 0.5.1 20.00 OK
r-oldrel-macos-x86_64 0.5.1 33.00 OK
r-oldrel-windows-x86_64 0.5.1 6.00 52.00 58.00 OK

Check Details

Version: 0.5.1
Check: Rd cross-references
Result: NOTE Found the following Rd file(s) with Rd \link{} targets missing package anchors: install.Rd: pak selfupdate.Rd: pak Please provide package anchors for all Rd \link{} targets not in the package itself and the base packages. Flavors: r-devel-linux-x86_64-debian-gcc, r-devel-windows-x86_64