CRAN Package Check Results for Package ndl

Last updated on 2024-06-18 08:55:31 CEST.

Flavor Version Tinstall Tcheck Ttotal Status Flags
r-devel-linux-x86_64-debian-clang 0.2.18 30.99 70.77 101.76 OK
r-devel-linux-x86_64-debian-gcc 0.2.18 21.54 51.36 72.90 OK
r-devel-linux-x86_64-fedora-clang 0.2.18 129.43 NOTE
r-devel-linux-x86_64-fedora-gcc 0.2.18 130.36 NOTE
r-devel-windows-x86_64 0.2.18 26.00 106.00 132.00 OK
r-patched-linux-x86_64 0.2.18 20.01 69.42 89.43 OK
r-release-linux-x86_64 0.2.18 18.47 67.49 85.96 OK
r-release-macos-arm64 0.2.18 41.00 OK
r-release-macos-x86_64 0.2.18 58.00 OK
r-release-windows-x86_64 0.2.18 25.00 110.00 135.00 OK
r-oldrel-macos-arm64 0.2.18 46.00 OK
r-oldrel-macos-x86_64 0.2.18 60.00 OK
r-oldrel-windows-x86_64 0.2.18 34.00 121.00 155.00 OK

Check Details

Version: 0.2.18
Check: data for non-ASCII characters
Result: NOTE Note: found 7332 marked UTF-8 strings Flavors: r-devel-linux-x86_64-fedora-clang, r-devel-linux-x86_64-fedora-gcc