CRAN Package Check Results for Package nlmeVPC

Last updated on 2024-06-14 20:49:49 CEST.

Flavor Version Tinstall Tcheck Ttotal Status Flags
r-devel-linux-x86_64-debian-clang 2.6 40.67 313.74 354.41 NOTE
r-devel-linux-x86_64-debian-gcc 2.6 26.63 216.34 242.97 NOTE
r-devel-linux-x86_64-fedora-clang 2.6 443.19 NOTE
r-devel-linux-x86_64-fedora-gcc 2.6 422.36 NOTE
r-devel-windows-x86_64 2.6 38.00 229.00 267.00 NOTE
r-patched-linux-x86_64 2.6 28.74 291.94 320.68 NOTE
r-release-linux-x86_64 2.6 28.47 290.77 319.24 NOTE
r-release-macos-arm64 2.6 97.00 NOTE
r-release-macos-x86_64 2.6 153.00 NOTE
r-release-windows-x86_64 2.6 38.00 229.00 267.00 NOTE
r-oldrel-macos-arm64 2.6 114.00 NOTE
r-oldrel-macos-x86_64 2.6 194.00 NOTE
r-oldrel-windows-x86_64 2.6 48.00 303.00 351.00 NOTE

Check Details

Version: 2.6
Check: C++ specification
Result: NOTE Specified C++11: please drop specification unless essential Flavors: r-devel-linux-x86_64-debian-clang, r-devel-linux-x86_64-debian-gcc, r-devel-linux-x86_64-fedora-clang, r-devel-linux-x86_64-fedora-gcc, r-devel-windows-x86_64, r-patched-linux-x86_64, r-release-linux-x86_64, r-release-macos-arm64, r-release-macos-x86_64, r-release-windows-x86_64, r-oldrel-macos-arm64, r-oldrel-macos-x86_64, r-oldrel-windows-x86_64