CRAN Package Check Results for Package nlsem

Last updated on 2024-06-25 08:48:22 CEST.

Flavor Version Tinstall Tcheck Ttotal Status Flags
r-devel-linux-x86_64-debian-clang 0.8-1 7.00 55.57 62.57 NOTE
r-devel-linux-x86_64-debian-gcc 0.8-1 5.17 41.81 46.98 NOTE
r-devel-linux-x86_64-fedora-clang 0.8-1 78.34 NOTE
r-devel-linux-x86_64-fedora-gcc 0.8-1 73.42 NOTE
r-devel-windows-x86_64 0.8-1 6.00 61.00 67.00 NOTE
r-patched-linux-x86_64 0.8-1 6.40 54.52 60.92 NOTE
r-release-linux-x86_64 0.8-1 6.68 53.41 60.09 NOTE
r-release-macos-arm64 0.8-1 25.00 NOTE
r-release-macos-x86_64 0.8-1 50.00 NOTE
r-release-windows-x86_64 0.8-1 6.00 62.00 68.00 NOTE
r-oldrel-macos-arm64 0.8-1 28.00 OK
r-oldrel-macos-x86_64 0.8-1 58.00 OK
r-oldrel-windows-x86_64 0.8-1 8.00 66.00 74.00 OK

Check Details

Version: 0.8-1
Check: Rd files
Result: NOTE checkRd: (-1) anova.Rd:19: Lost braces 19 | Returns an object of class code{anova}. These objects represent | ^ Flavors: r-devel-linux-x86_64-debian-clang, r-devel-linux-x86_64-debian-gcc, r-devel-linux-x86_64-fedora-clang, r-devel-linux-x86_64-fedora-gcc, r-devel-windows-x86_64, r-patched-linux-x86_64, r-release-linux-x86_64, r-release-macos-arm64, r-release-macos-x86_64, r-release-windows-x86_64