CRAN Package Check Results for Package oRus

Last updated on 2024-07-22 16:57:20 CEST.

Flavor Version Tinstall Tcheck Ttotal Status Flags
r-devel-linux-x86_64-debian-clang 1.0.0 18.17 151.91 170.08 NOTE
r-devel-linux-x86_64-debian-gcc 1.0.0 14.29 114.96 129.25 NOTE
r-devel-linux-x86_64-fedora-clang 1.0.0 216.35 NOTE
r-devel-linux-x86_64-fedora-gcc 1.0.0 221.20 NOTE
r-devel-windows-x86_64 1.0.0 15.00 118.00 133.00 NOTE
r-patched-linux-x86_64 1.0.0 15.85 148.52 164.37 NOTE
r-release-linux-x86_64 1.0.0 17.23 150.90 168.13 NOTE
r-release-macos-arm64 1.0.0 59.00 NOTE
r-release-macos-x86_64 1.0.0 96.00 NOTE
r-release-windows-x86_64 1.0.0 14.00 113.00 127.00 NOTE
r-oldrel-macos-arm64 1.0.0 76.00 NOTE
r-oldrel-macos-x86_64 1.0.0 110.00 NOTE
r-oldrel-windows-x86_64 1.0.0 19.00 141.00 160.00 NOTE

Check Details

Version: 1.0.0
Check: LazyData
Result: NOTE 'LazyData' is specified without a 'data' directory Flavors: r-devel-linux-x86_64-debian-clang, r-devel-linux-x86_64-debian-gcc, r-devel-linux-x86_64-fedora-clang, r-devel-linux-x86_64-fedora-gcc, r-devel-windows-x86_64, r-patched-linux-x86_64, r-release-linux-x86_64, r-release-macos-arm64, r-release-macos-x86_64, r-release-windows-x86_64, r-oldrel-macos-arm64, r-oldrel-macos-x86_64, r-oldrel-windows-x86_64

Version: 1.0.0
Check: dependencies in R code
Result: NOTE Namespaces in Imports field not imported from: ‘knitr’ ‘tibble’ All declared Imports should be used. Flavors: r-devel-linux-x86_64-fedora-clang, r-devel-linux-x86_64-fedora-gcc