CRAN Package Check Results for Package ocs4R

Last updated on 2024-07-20 08:49:48 CEST.

Flavor Version Tinstall Tcheck Ttotal Status Flags
r-devel-linux-x86_64-debian-clang 0.2-3 7.63 36.57 44.20 NOTE
r-devel-linux-x86_64-debian-gcc 0.2-3 7.44 28.36 35.80 NOTE
r-devel-linux-x86_64-fedora-clang 0.2-3 62.75 NOTE
r-devel-linux-x86_64-fedora-gcc 0.2-3 54.66 NOTE
r-devel-windows-x86_64 0.2-3 9.00 50.00 59.00 NOTE
r-patched-linux-x86_64 0.2-3 10.06 35.04 45.10 NOTE
r-release-linux-x86_64 0.2-3 7.09 35.38 42.47 NOTE
r-release-macos-arm64 0.2-3 22.00 NOTE
r-release-macos-x86_64 0.2-3 32.00 NOTE
r-release-windows-x86_64 0.2-3 8.00 50.00 58.00 NOTE
r-oldrel-macos-arm64 0.2-3 23.00 OK
r-oldrel-macos-x86_64 0.2-3 28.00 OK
r-oldrel-windows-x86_64 0.2-3 10.00 55.00 65.00 OK

Check Details

Version: 0.2-3
Check: Rd files
Result: NOTE checkRd: (-1) ocsApiUserProvisioningManager.Rd:87: Lost braces 87 | \item{code{addToGroup(userid, groupid)}}{ | ^ Flavors: r-devel-linux-x86_64-debian-clang, r-devel-linux-x86_64-debian-gcc, r-devel-linux-x86_64-fedora-clang, r-devel-linux-x86_64-fedora-gcc, r-devel-windows-x86_64, r-patched-linux-x86_64, r-release-linux-x86_64, r-release-macos-arm64, r-release-macos-x86_64, r-release-windows-x86_64

Version: 0.2-3
Check: Rd cross-references
Result: NOTE Found the following Rd file(s) with Rd \link{} targets missing package anchors: ocs4RLogger.Rd: R6Class ocsApiSharingManager.Rd: R6Class ocsApiUserProvisioningManager.Rd: R6Class ocsApiWebdavManager.Rd: R6Class ocsManager.Rd: R6Class ocsRequest.Rd: R6Class Please provide package anchors for all Rd \link{} targets not in the package itself and the base packages. Flavor: r-devel-windows-x86_64