CRAN Package Check Results for Package onehot

Last updated on 2024-06-23 00:56:43 CEST.

Flavor Version Tinstall Tcheck Ttotal Status Flags
r-devel-linux-x86_64-debian-clang 0.1.1 2.47 21.09 23.56 NOTE
r-devel-linux-x86_64-debian-gcc 0.1.1 2.09 16.14 18.23 NOTE
r-devel-linux-x86_64-fedora-clang 0.1.1 30.56 NOTE
r-devel-linux-x86_64-fedora-gcc 0.1.1 28.26 NOTE
r-devel-windows-x86_64 0.1.1 5.00 36.00 41.00 NOTE
r-patched-linux-x86_64 0.1.1 2.51 20.16 22.67 NOTE
r-release-linux-x86_64 0.1.1 1.98 20.24 22.22 NOTE
r-release-macos-arm64 0.1.1 14.00 NOTE
r-release-macos-x86_64 0.1.1 19.00 NOTE
r-release-windows-x86_64 0.1.1 5.00 36.00 41.00 NOTE
r-oldrel-macos-arm64 0.1.1 17.00 NOTE
r-oldrel-macos-x86_64 0.1.1 20.00 NOTE
r-oldrel-windows-x86_64 0.1.1 5.00 35.00 40.00 NOTE

Check Details

Version: 0.1.1
Check: LazyData
Result: NOTE 'LazyData' is specified without a 'data' directory Flavors: r-devel-linux-x86_64-debian-clang, r-devel-linux-x86_64-debian-gcc, r-devel-linux-x86_64-fedora-clang, r-devel-linux-x86_64-fedora-gcc, r-devel-windows-x86_64, r-patched-linux-x86_64, r-release-linux-x86_64, r-release-macos-arm64, r-release-macos-x86_64, r-release-windows-x86_64, r-oldrel-macos-arm64, r-oldrel-macos-x86_64, r-oldrel-windows-x86_64