CRAN Package Check Results for Package optimus

Last updated on 2024-07-17 08:55:18 CEST.

Flavor Version Tinstall Tcheck Ttotal Status Flags
r-devel-linux-x86_64-debian-clang 0.2.0 3.24 228.18 231.42 OK
r-devel-linux-x86_64-debian-gcc 0.2.0 2.46 156.68 159.14 OK
r-devel-linux-x86_64-fedora-clang 0.2.0 280.33 NOTE
r-devel-linux-x86_64-fedora-gcc 0.2.0 279.64 NOTE
r-devel-windows-x86_64 0.2.0 4.00 189.00 193.00 OK
r-patched-linux-x86_64 0.2.0 3.49 224.23 227.72 OK
r-release-linux-x86_64 0.2.0 2.61 218.75 221.36 OK
r-release-macos-arm64 0.2.0 84.00 OK
r-release-macos-x86_64 0.2.0 166.00 OK
r-release-windows-x86_64 0.2.0 3.00 190.00 193.00 OK
r-oldrel-macos-arm64 0.2.0 82.00 OK
r-oldrel-macos-x86_64 0.2.0 144.00 OK
r-oldrel-windows-x86_64 0.2.0 4.00 219.00 223.00 OK

Check Details

Version: 0.2.0
Check: dependencies in R code
Result: NOTE Namespace in Imports field not imported from: ‘methods’ All declared Imports should be used. Flavors: r-devel-linux-x86_64-fedora-clang, r-devel-linux-x86_64-fedora-gcc