CRAN Package Check Results for Package otp

Last updated on 2024-07-16 16:52:56 CEST.

Flavor Version Tinstall Tcheck Ttotal Status Flags
r-devel-linux-x86_64-debian-clang 0.1.1 4.92 23.15 28.07 OK
r-devel-linux-x86_64-debian-gcc 0.1.1 3.20 18.03 21.23 OK
r-devel-linux-x86_64-fedora-clang 0.1.1 35.32 NOTE
r-devel-linux-x86_64-fedora-gcc 0.1.1 34.33 NOTE
r-devel-windows-x86_64 0.1.1 4.00 40.00 44.00 OK
r-patched-linux-x86_64 0.1.1 3.49 21.83 25.32 OK
r-release-linux-x86_64 0.1.1 4.58 21.88 26.46 OK
r-release-macos-arm64 0.1.1 16.00 OK
r-release-macos-x86_64 0.1.1 23.00 OK
r-release-windows-x86_64 0.1.1 5.00 41.00 46.00 OK
r-oldrel-macos-arm64 0.1.1 20.00 OK
r-oldrel-macos-x86_64 0.1.1 33.00 OK
r-oldrel-windows-x86_64 0.1.1 6.00 40.00 46.00 OK

Check Details

Version: 0.1.1
Check: dependencies in R code
Result: NOTE Namespaces in Imports field not imported from: ‘R6’ ‘openssl’ All declared Imports should be used. Flavors: r-devel-linux-x86_64-fedora-clang, r-devel-linux-x86_64-fedora-gcc