CRAN Package Check Results for Package performance

Last updated on 2024-06-15 00:54:13 CEST.

Flavor Version Tinstall Tcheck Ttotal Status Flags
r-devel-linux-x86_64-debian-clang 0.12.0 21.79 250.91 272.70 OK
r-devel-linux-x86_64-debian-gcc 0.12.0 18.48 175.32 193.80 OK
r-devel-linux-x86_64-fedora-clang 0.12.0 345.01 OK
r-devel-linux-x86_64-fedora-gcc 0.12.0 319.34 OK
r-devel-windows-x86_64 0.12.0 18.00 183.00 201.00 OK
r-patched-linux-x86_64 0.12.0 22.00 233.41 255.41 NOTE
r-release-linux-x86_64 0.11.0 22.12 247.64 269.76 ERROR
r-release-macos-arm64 0.12.0 75.00 OK
r-release-macos-x86_64 0.12.0 217.00 OK
r-release-windows-x86_64 0.12.0 19.00 184.00 203.00 OK
r-oldrel-macos-arm64 0.12.0 10.00 ERROR
r-oldrel-macos-x86_64 0.12.0 11.00 ERROR
r-oldrel-windows-x86_64 0.12.0 26.00 242.00 268.00 OK

Check Details

Version: 0.12.0
Check: package dependencies
Result: NOTE Package suggested but not available for checking: ‘blavaan’ Flavor: r-patched-linux-x86_64

Version: 0.11.0
Check: tests
Result: ERROR Running ‘testthat.R’ [88s/55s] Running the tests in ‘tests/testthat.R’ failed. Complete output: > library(testthat) > library(performance) > > test_check("performance") Starting 2 test processes [ FAIL 1 | WARN 137 | SKIP 52 | PASS 332 ] ══ Skipped tests (52) ══════════════════════════════════════════════════════════ • On CRAN (36): 'test-bootstrapped_icc_ci.R:2:3', 'test-bootstrapped_icc_ci.R:44:3', 'test-binned_residuals.R:137:3', 'test-binned_residuals.R:164:3', 'test-check_distribution.R:35:3', 'test-check_collinearity.R:178:3', 'test-check_collinearity.R:215:3', 'test-check_itemscale.R:28:3', 'test-check_model.R:1:1', 'test-check_predictions.R:2:1', 'test-check_residuals.R:2:3', 'test-check_singularity.R:2:3', 'test-check_singularity.R:23:3', 'test-check_zeroinflation.R:75:3', 'test-helpers.R:1:1', 'test-icc.R:4:3', 'test-icc.R:10:3', 'test-icc.R:28:3', 'test-icc.R:40:3', 'test-icc.R:57:3', 'test-icc.R:71:3', 'test-icc.R:89:3', 'test-icc.R:120:3', 'test-icc.R:131:3', 'test-logLik.R:1:1', 'test-mclogit.R:53:3', 'test-model_performance.bayesian.R:2:3', 'test-model_performance.bayesian.R:34:3', 'test-model_performance.bayesian.R:75:3', 'test-model_performance.merMod.R:2:3', 'test-model_performance.merMod.R:22:3', 'test-model_performance.rma.R:33:3', 'test-pkg-ivreg.R:8:3', 'test-r2_nakagawa.R:19:1', 'test-test_likelihoodratio.R:55:1', 'test-check_outliers.R:110:3' • On Linux (3): 'test-nestedLogit.R:1:1', 'test-r2_bayes.R:1:1', 'test-test_wald.R:1:1' • getRversion() > "4.3.3" is TRUE (13): 'test-check_convergence.R:32:3', 'test-check_collinearity.R:27:3', 'test-check_collinearity.R:54:3', 'test-check_normality.R:38:3', 'test-check_overdispersion.R:2:3', 'test-check_overdispersion.R:53:3', 'test-check_overdispersion.R:81:3', 'test-check_overdispersion.R:186:3', 'test-check_zeroinflation.R:2:3', 'test-check_zeroinflation.R:25:3', 'test-check_zeroinflation.R:112:3', 'test-check_zeroinflation.R:169:3', 'test-r2.R:49:5' ══ Failed tests ════════════════════════════════════════════════════════════════ ── Failure ('test-check_outliers.R:258:3'): multiple methods with ID ─────────── x$outlier_count$all$car[1] (`actual`) not identical to "Maserati Bora" (`expected`). `actual`: "Toyota Corolla" `expected`: "Maserati Bora" [ FAIL 1 | WARN 137 | SKIP 52 | PASS 332 ] Error: Test failures Execution halted Flavor: r-release-linux-x86_64

Version: 0.12.0
Check: package dependencies
Result: ERROR Package required and available but unsuitable version: ‘datawizard’ See section ‘The DESCRIPTION file’ in the ‘Writing R Extensions’ manual. Flavors: r-oldrel-macos-arm64, r-oldrel-macos-x86_64