CRAN Package Check Results for Package pls

Last updated on 2024-06-05 00:48:55 CEST.

Flavor Version Tinstall Tcheck Ttotal Status Flags
r-devel-linux-x86_64-debian-clang 2.8-3 7.59 72.58 80.17 OK
r-devel-linux-x86_64-debian-gcc 2.8-3 5.73 54.54 60.27 OK
r-devel-linux-x86_64-fedora-clang 2.8-3 99.00 NOTE
r-devel-linux-x86_64-fedora-gcc 2.8-3 106.58 OK
r-devel-windows-x86_64 2.8-3 7.00 94.00 101.00 OK
r-patched-linux-x86_64 2.8-3 8.64 70.14 78.78 OK
r-release-linux-x86_64 2.8-3 6.98 70.43 77.41 OK
r-release-macos-arm64 2.8-3 36.00 NOTE
r-release-windows-x86_64 2.8-3 7.00 93.00 100.00 OK
r-oldrel-macos-arm64 2.8-3 50.00 NOTE
r-oldrel-macos-x86_64 2.8-3 173.00 NOTE
r-oldrel-windows-x86_64 2.8-3 9.00 103.00 112.00 OK

Check Details

Version: 2.8-3
Check: Rd cross-references
Result: NOTE Undeclared package ‘sm’ in Rd xrefs Flavor: r-devel-linux-x86_64-fedora-clang

Version: 2.8-3
Check: package dependencies
Result: NOTE Package suggested but not available for checking: ‘Rmpi’ Flavors: r-release-macos-arm64, r-oldrel-macos-arm64, r-oldrel-macos-x86_64