CRAN Package Check Results for Package ppsr

Last updated on 2024-07-23 16:49:13 CEST.

Flavor Version Tinstall Tcheck Ttotal Status Flags
r-devel-linux-x86_64-debian-clang 0.0.5 2.79 37.91 40.70 OK
r-devel-linux-x86_64-debian-gcc 0.0.5 2.23 29.19 31.42 OK
r-devel-linux-x86_64-fedora-clang 0.0.5 51.50 NOTE
r-devel-linux-x86_64-fedora-gcc 0.0.5 48.85 NOTE
r-devel-windows-x86_64 0.0.5 4.00 50.00 54.00 OK
r-patched-linux-x86_64 0.0.5 2.88 36.01 38.89 OK
r-release-linux-x86_64 0.0.5 1.71 35.95 37.66 OK
r-release-macos-arm64 0.0.5 21.00 OK
r-release-macos-x86_64 0.0.5 29.00 OK
r-release-windows-x86_64 0.0.5 5.00 50.00 55.00 OK
r-oldrel-macos-arm64 0.0.5 24.00 OK
r-oldrel-macos-x86_64 0.0.5 36.00 OK
r-oldrel-windows-x86_64 0.0.5 5.00 55.00 60.00 OK

Check Details

Version: 0.0.5
Check: dependencies in R code
Result: NOTE Namespaces in Imports field not imported from: ‘rpart’ ‘withr’ All declared Imports should be used. Flavors: r-devel-linux-x86_64-fedora-clang, r-devel-linux-x86_64-fedora-gcc