CRAN Package Check Results for Package processmapR

Last updated on 2024-07-16 00:56:08 CEST.

Flavor Version Tinstall Tcheck Ttotal Status Flags
r-devel-linux-x86_64-debian-clang 0.5.3 32.59 120.52 153.11 OK
r-devel-linux-x86_64-debian-gcc 0.5.3 23.63 91.30 114.93 OK
r-devel-linux-x86_64-fedora-clang 0.5.4 147.00 NOTE
r-devel-linux-x86_64-fedora-gcc 0.5.4 114.40 OK
r-devel-windows-x86_64 0.5.3 30.00 118.00 148.00 NOTE
r-patched-linux-x86_64 0.5.3 27.78 120.69 148.47 OK
r-release-linux-x86_64 0.5.3 23.52 118.21 141.73 OK
r-release-macos-arm64 0.5.3 63.00 OK
r-release-macos-x86_64 0.5.3 120.00 OK
r-release-windows-x86_64 0.5.3 26.00 121.00 147.00 OK
r-oldrel-macos-arm64 0.5.3 57.00 OK
r-oldrel-macos-x86_64 0.5.3 90.00 OK
r-oldrel-windows-x86_64 0.5.3 36.00 140.00 176.00 OK

Check Details

Version: 0.5.4
Check: package dependencies
Result: NOTE Imports includes 22 non-default packages. Importing from so many packages makes the package vulnerable to any of them becoming unavailable. Move as many as possible to Suggests and use conditionally. Flavor: r-devel-linux-x86_64-fedora-clang

Version: 0.5.3
Check: Rd cross-references
Result: NOTE Found the following Rd file(s) with Rd \link{} targets missing package anchors: dotted_chart.Rd: ggplot2, plotly lined_chart.Rd: plotly, ggplot2 trace_explorer.Rd: ggplot2, plotly Please provide package anchors for all Rd \link{} targets not in the package itself and the base packages. Flavor: r-devel-windows-x86_64