CRAN Package Check Results for Package qape

Last updated on 2024-07-24 08:56:57 CEST.

Flavor Version Tinstall Tcheck Ttotal Status Flags
r-devel-linux-x86_64-debian-clang 2.1 19.15 169.94 189.09 NOTE
r-devel-linux-x86_64-debian-gcc 2.1 13.65 125.14 138.79 NOTE
r-devel-linux-x86_64-fedora-clang 2.1 241.54 NOTE
r-devel-linux-x86_64-fedora-gcc 2.1 218.73 NOTE
r-devel-windows-x86_64 2.1 15.00 133.00 148.00 NOTE
r-patched-linux-x86_64 2.1 14.14 163.62 177.76 NOTE
r-release-linux-x86_64 2.1 15.74 159.66 175.40 NOTE
r-release-macos-arm64 2.1 63.00 NOTE
r-release-macos-x86_64 2.1 95.00 NOTE
r-release-windows-x86_64 2.1 15.00 134.00 149.00 NOTE
r-oldrel-macos-arm64 2.1 67.00 OK
r-oldrel-macos-x86_64 2.1 134.00 OK
r-oldrel-windows-x86_64 2.1 20.00 169.00 189.00 OK

Check Details

Version: 2.1
Check: Rd files
Result: NOTE checkRd: (-1) srswrRe.Rd:10: Lost braces 10 | \item{listRanef}{{\emph{ranef(model)}} object where {\emph{model}} is an { \emph{lmer}} object.} | ^ Flavors: r-devel-linux-x86_64-debian-clang, r-devel-linux-x86_64-debian-gcc, r-devel-linux-x86_64-fedora-clang, r-devel-linux-x86_64-fedora-gcc, r-devel-windows-x86_64, r-patched-linux-x86_64, r-release-linux-x86_64, r-release-macos-arm64, r-release-macos-x86_64, r-release-windows-x86_64