CRAN Package Check Results for Package questionr

Last updated on 2024-06-23 08:51:18 CEST.

Flavor Version Tinstall Tcheck Ttotal Status Flags
r-devel-linux-x86_64-debian-clang 0.7.8 11.41 89.48 100.89 OK
r-devel-linux-x86_64-debian-gcc 0.7.8 7.75 66.49 74.24 OK
r-devel-linux-x86_64-fedora-clang 0.7.8 129.54 NOTE
r-devel-linux-x86_64-fedora-gcc 0.7.8 131.95 NOTE
r-devel-windows-x86_64 0.7.8 10.00 96.00 106.00 OK
r-patched-linux-x86_64 0.7.8 7.36 84.96 92.32 OK
r-release-linux-x86_64 0.7.8 6.80 85.25 92.05 OK
r-release-macos-arm64 0.7.8 50.00 OK
r-release-macos-x86_64 0.7.8 69.00 OK
r-release-windows-x86_64 0.7.8 10.00 96.00 106.00 OK
r-oldrel-macos-arm64 0.7.8 50.00 OK
r-oldrel-macos-x86_64 0.7.8 67.00 NOTE
r-oldrel-windows-x86_64 0.7.8 12.00 111.00 123.00 OK

Check Details

Version: 0.7.8
Check: data for non-ASCII characters
Result: NOTE Note: found 8504 marked UTF-8 strings Flavors: r-devel-linux-x86_64-fedora-clang, r-devel-linux-x86_64-fedora-gcc

Version: 0.7.8
Check: package dependencies
Result: NOTE Package suggested but not available for checking: ‘survey’ Flavor: r-oldrel-macos-x86_64

Version: 0.7.8
Check: Rd cross-references
Result: NOTE Package unavailable to check Rd xrefs: ‘survey’ Flavor: r-oldrel-macos-x86_64