CRAN Package Check Results for Package r4ss

Last updated on 2024-07-18 08:51:17 CEST.

Flavor Version Tinstall Tcheck Ttotal Status Flags
r-devel-linux-x86_64-debian-clang 1.44.0 48.86 265.44 314.30 NOTE
r-devel-linux-x86_64-debian-gcc 1.44.0 44.26 181.68 225.94 NOTE
r-devel-linux-x86_64-fedora-clang 1.44.0 391.71 NOTE
r-devel-linux-x86_64-fedora-gcc 1.44.0 358.39 NOTE
r-devel-windows-x86_64 1.44.0 47.00 177.00 224.00 NOTE
r-patched-linux-x86_64 1.44.0 55.33 247.87 303.20 NOTE
r-release-linux-x86_64 1.44.0 53.25 240.21 293.46 NOTE
r-release-macos-arm64 1.44.0 81.00 NOTE
r-release-macos-x86_64 1.44.0 188.00 NOTE
r-release-windows-x86_64 1.44.0 48.00 176.00 224.00 NOTE
r-oldrel-macos-arm64 1.44.0 89.00 OK
r-oldrel-macos-x86_64 1.44.0 157.00 OK
r-oldrel-windows-x86_64 1.44.0 63.00 225.00 288.00 OK

Check Details

Version: 1.44.0
Check: Rd files
Result: NOTE checkRd: (-1) r4ss-package.Rd:9: Lost braces; missing escapes or markup? 9 | A collection of R functions for use with Stock Synthesis, a fisheries stock assessment modeling platform written in ADMB by Dr. Richard D. Methot at the NOAA Northwest Fisheries Science Center. The functions include tools for summarizing and plotting results, manipulating files, visualizing model parameterizations, and various other common stock assessment tasks. This version of '{r4ss}' is compatible with Stock Synthesis versions 3.24 through 3.30 (specifically version 3.30.19.01, from April 2022). | ^ Flavors: r-devel-linux-x86_64-debian-clang, r-devel-linux-x86_64-debian-gcc, r-devel-linux-x86_64-fedora-clang, r-devel-linux-x86_64-fedora-gcc, r-devel-windows-x86_64, r-patched-linux-x86_64, r-release-linux-x86_64, r-release-macos-arm64, r-release-macos-x86_64, r-release-windows-x86_64