CRAN Package Check Results for Package rdd

Last updated on 2024-07-25 16:46:22 CEST.

Flavor Version Tinstall Tcheck Ttotal Status Flags
r-devel-linux-x86_64-debian-clang 0.57 9.74 70.17 79.91 OK
r-devel-linux-x86_64-debian-gcc 0.57 6.81 53.61 60.42 NOTE
r-devel-linux-x86_64-fedora-clang 0.57 98.61 OK
r-devel-linux-x86_64-fedora-gcc 0.57 93.05 OK
r-devel-windows-x86_64 0.57 8.00 68.00 76.00 NOTE
r-patched-linux-x86_64 0.57 OK
r-release-linux-x86_64 0.57 5.83 68.98 74.81 OK
r-release-macos-arm64 0.57 24.00 OK
r-release-macos-x86_64 0.57 42.00 OK
r-release-windows-x86_64 0.57 8.00 68.00 76.00 OK
r-oldrel-macos-arm64 0.57 38.00 OK
r-oldrel-macos-x86_64 0.57 53.00 OK
r-oldrel-windows-x86_64 0.57 10.00 80.00 90.00 OK

Check Details

Version: 0.57
Check: Rd cross-references
Result: NOTE Found the following Rd file(s) with Rd \link{} targets missing package anchors: RDestimate.Rd: vcovHC, ivreg Please provide package anchors for all Rd \link{} targets not in the package itself and the base packages. Flavors: r-devel-linux-x86_64-debian-gcc, r-devel-windows-x86_64