CRAN Package Check Results for Package retriever

Last updated on 2024-07-23 16:49:15 CEST.

Flavor Version Tinstall Tcheck Ttotal Status Flags
r-devel-linux-x86_64-debian-clang 0.2.1 2.12 24.11 26.23 OK
r-devel-linux-x86_64-debian-gcc 0.2.1 1.67 18.66 20.33 OK
r-devel-linux-x86_64-fedora-clang 0.2.1 33.91 OK
r-devel-linux-x86_64-fedora-gcc 0.2.1 31.98 OK
r-devel-windows-x86_64 0.2.1 4.00 42.00 46.00 OK
r-patched-linux-x86_64 0.2.1 1.87 23.28 25.15 OK
r-release-linux-x86_64 0.2.1 2.15 23.63 25.78 OK
r-release-macos-arm64 0.2.1 13.00 NOTE
r-release-macos-x86_64 0.2.1 25.00 OK
r-release-windows-x86_64 0.2.1 4.00 40.00 44.00 OK
r-oldrel-macos-arm64 0.2.1 14.00 NOTE
r-oldrel-macos-x86_64 0.2.1 21.00 NOTE
r-oldrel-windows-x86_64 0.2.1 4.00 43.00 47.00 OK

Check Details

Version: 0.2.1
Check: package dependencies
Result: NOTE Package suggested but not available for checking: ‘ccdata’ Flavors: r-release-macos-arm64, r-oldrel-macos-arm64, r-oldrel-macos-x86_64