CRAN Package Check Results for Package rgoogleslides

Last updated on 2024-07-13 00:55:36 CEST.

Flavor Version Tinstall Tcheck Ttotal Status Flags
r-devel-linux-x86_64-debian-clang 0.3.2 6.46 30.04 36.50 NOTE
r-devel-linux-x86_64-debian-gcc 0.3.2 4.54 22.72 27.26 NOTE
r-devel-linux-x86_64-fedora-clang 0.3.2 45.98 NOTE
r-devel-linux-x86_64-fedora-gcc 0.3.2 42.96 NOTE
r-devel-windows-x86_64 0.3.2 6.00 47.00 53.00 NOTE
r-patched-linux-x86_64 0.3.2 7.87 28.83 36.70 NOTE
r-release-linux-x86_64 0.3.2 5.42 28.24 33.66 NOTE
r-release-macos-arm64 0.3.2 19.00 NOTE
r-release-macos-x86_64 0.3.2 26.00 NOTE
r-release-windows-x86_64 0.3.2 7.00 48.00 55.00 NOTE
r-oldrel-macos-arm64 0.3.2 19.00 NOTE
r-oldrel-macos-x86_64 0.3.2 24.00 NOTE
r-oldrel-windows-x86_64 0.3.2 7.00 51.00 58.00 NOTE

Check Details

Version: 0.3.2
Check: LazyData
Result: NOTE 'LazyData' is specified without a 'data' directory Flavors: r-devel-linux-x86_64-debian-clang, r-devel-linux-x86_64-debian-gcc, r-devel-linux-x86_64-fedora-clang, r-devel-linux-x86_64-fedora-gcc, r-devel-windows-x86_64, r-patched-linux-x86_64, r-release-linux-x86_64, r-release-macos-arm64, r-release-macos-x86_64, r-release-windows-x86_64, r-oldrel-macos-arm64, r-oldrel-macos-x86_64, r-oldrel-windows-x86_64

Version: 0.3.2
Check: Rd cross-references
Result: NOTE Found the following Rd file(s) with Rd \link{} targets missing package anchors: authorize.Rd: oauth2.0_token Please provide package anchors for all Rd \link{} targets not in the package itself and the base packages. Flavor: r-devel-windows-x86_64