CRAN Package Check Results for Package rhosp

Last updated on 2024-05-28 08:54:45 CEST.

Flavor Version Tinstall Tcheck Ttotal Status Flags
r-devel-linux-x86_64-debian-clang 1.10 3.16 39.94 43.10 NOTE
r-devel-linux-x86_64-debian-gcc 1.10 2.69 30.14 32.83 NOTE
r-devel-linux-x86_64-fedora-clang 1.10 54.01 NOTE
r-devel-linux-x86_64-fedora-gcc 1.10 62.42 NOTE
r-devel-windows-x86_64 1.10 4.00 61.00 65.00 OK
r-patched-linux-x86_64 1.10 4.54 37.21 41.75 NOTE
r-release-linux-x86_64 1.10 2.85 37.35 40.20 NOTE
r-release-macos-arm64 1.10 23.00 OK
r-release-windows-x86_64 1.10 4.00 61.00 65.00 OK
r-oldrel-macos-arm64 1.10 22.00 OK
r-oldrel-macos-x86_64 1.10 33.00 OK
r-oldrel-windows-x86_64 1.10 4.00 60.00 64.00 OK

Check Details

Version: 1.10
Check: for non-standard things in the check directory
Result: NOTE Found the following files/directories: ‘mydata.rda’ ‘thedata.rda’ Flavors: r-devel-linux-x86_64-debian-clang, r-devel-linux-x86_64-debian-gcc, r-devel-linux-x86_64-fedora-clang, r-devel-linux-x86_64-fedora-gcc, r-patched-linux-x86_64, r-release-linux-x86_64