CRAN Package Check Results for Package roahd

Last updated on 2024-07-12 17:55:19 CEST.

Flavor Version Tinstall Tcheck Ttotal Status Flags
r-devel-linux-x86_64-debian-clang 1.4.3 12.87 218.05 230.92 NOTE
r-devel-linux-x86_64-debian-gcc 1.4.3 9.15 159.89 169.04 NOTE
r-devel-linux-x86_64-fedora-clang 1.4.3 281.07 NOTE
r-devel-linux-x86_64-fedora-gcc 1.4.3 281.12 NOTE
r-devel-windows-x86_64 1.4.3 10.00 185.00 195.00 NOTE
r-patched-linux-x86_64 1.4.3 11.01 213.93 224.94 NOTE
r-release-linux-x86_64 1.4.3 6.87 210.51 217.38 NOTE
r-release-macos-arm64 1.4.3 82.00 NOTE
r-release-macos-x86_64 1.4.3 227.00 NOTE
r-release-windows-x86_64 1.4.3 11.00 181.00 192.00 NOTE
r-oldrel-macos-arm64 1.4.3 81.00 NOTE
r-oldrel-macos-x86_64 1.4.3 136.00 NOTE
r-oldrel-windows-x86_64 1.4.3 15.00 219.00 234.00 NOTE

Check Details

Version: 1.4.3
Check: Rd files
Result: NOTE checkRd: (-1) fData.Rd:22: Lost braces in \itemize; \value handles \item{}{} directly checkRd: (-1) fData.Rd:23-24: Lost braces in \itemize; \value handles \item{}{} directly checkRd: (-1) fData.Rd:25: Lost braces in \itemize; \value handles \item{}{} directly checkRd: (-1) fData.Rd:26: Lost braces in \itemize; \value handles \item{}{} directly checkRd: (-1) fData.Rd:27-28: Lost braces in \itemize; \value handles \item{}{} directly checkRd: (-1) mfData.Rd:22: Lost braces in \itemize; \value handles \item{}{} directly checkRd: (-1) mfData.Rd:23: Lost braces in \itemize; \value handles \item{}{} directly checkRd: (-1) mfData.Rd:24-25: Lost braces in \itemize; \value handles \item{}{} directly checkRd: (-1) mfData.Rd:26: Lost braces in \itemize; \value handles \item{}{} directly checkRd: (-1) mfData.Rd:27: Lost braces in \itemize; \value handles \item{}{} directly checkRd: (-1) mfData.Rd:28-29: Lost braces in \itemize; \value handles \item{}{} directly checkRd: (-1) outliergram.Rd:45-48: Lost braces in \itemize; meant \describe ? checkRd: (-1) outliergram.Rd:49-51: Lost braces in \itemize; meant \describe ? checkRd: (-1) outliergram.Rd:52-54: Lost braces in \itemize; meant \describe ? checkRd: (-1) outliergram.Rd:55-58: Lost braces in \itemize; meant \describe ? checkRd: (-1) outliergram.Rd:59-62: Lost braces in \itemize; meant \describe ? checkRd: (-1) outliergram.Rd:63-65: Lost braces in \itemize; meant \describe ? checkRd: (-1) outliergram.Rd:66-69: Lost braces in \itemize; meant \describe ? checkRd: (-1) outliergram.Rd:70-71: Lost braces in \itemize; meant \describe ? checkRd: (-1) outliergram.Rd:94: Lost braces in \itemize; \value handles \item{}{} directly checkRd: (-1) outliergram.Rd:95-96: Lost braces in \itemize; \value handles \item{}{} directly checkRd: (-1) outliergram.Rd:97: Lost braces in \itemize; \value handles \item{}{} directly Flavors: r-devel-linux-x86_64-debian-clang, r-devel-linux-x86_64-debian-gcc, r-devel-linux-x86_64-fedora-clang, r-devel-linux-x86_64-fedora-gcc, r-devel-windows-x86_64, r-patched-linux-x86_64, r-release-linux-x86_64, r-release-macos-arm64, r-release-macos-x86_64, r-release-windows-x86_64

Version: 1.4.3
Check: installed package size
Result: NOTE installed size is 5.2Mb sub-directories of 1Mb or more: data 2.9Mb doc 1.7Mb Flavors: r-devel-linux-x86_64-fedora-clang, r-devel-windows-x86_64, r-release-macos-arm64, r-release-macos-x86_64, r-release-windows-x86_64, r-oldrel-macos-arm64, r-oldrel-macos-x86_64, r-oldrel-windows-x86_64