CRAN Package Check Results for Package robustbase

Last updated on 2024-06-19 08:57:59 CEST.

Flavor Version Tinstall Tcheck Ttotal Status Flags
r-devel-linux-x86_64-debian-clang 0.99-2 30.51 331.09 361.60 OK
r-devel-linux-x86_64-debian-gcc 0.99-2 23.67 232.58 256.25 OK
r-devel-linux-x86_64-fedora-clang 0.99-2 453.36 WARN
r-devel-linux-x86_64-fedora-gcc 0.99-2 285.22 WARN
r-devel-windows-x86_64 0.99-2 29.00 311.00 340.00 OK
r-patched-linux-x86_64 0.99-2 36.38 312.95 349.33 OK
r-release-linux-x86_64 0.99-2 29.42 307.67 337.09 OK
r-release-macos-arm64 0.99-2 119.00 OK
r-release-macos-x86_64 0.99-2 235.00 OK
r-release-windows-x86_64 0.99-2 32.00 315.00 347.00 OK
r-oldrel-macos-arm64 0.99-2 139.00 OK
r-oldrel-macos-x86_64 0.99-2 390.00 OK
r-oldrel-windows-x86_64 0.99-2 28.00 422.00 450.00 OK

Additional issues

M1mac

Check Details

Version: 0.99-2
Check: re-building of vignette outputs
Result: WARN Error(s) in re-building vignettes: --- re-building ‘fastMcd-kmini.Rnw’ using Sweave Loading required package: robustbase --- finished re-building ‘fastMcd-kmini.Rnw’ --- re-building ‘lmrob_simulation.Rnw’ using Sweave Loading required package: xtable Loading required package: robustbase Loading required package: ggplot2 Loading required package: GGally Loading required package: grid Loading required package: reshape2 Warning: The `fun.y` argument of `stat_summary()` is deprecated as of ggplot2 3.3.0. ℹ Please use the `fun` argument instead. Warning: Removed 108 rows containing non-finite outside the scale range (`stat_summary()`). Warning: Removed 108 rows containing missing values or values outside the scale range (`geom_point()`). Warning in scale_y_log10(breaks = breaks, minor_breaks = minor_breaks, ...) : log-10 transformation introduced infinite values. Using method.cov, Error, Psi as id variables Warning: Removed 1 row containing missing values or values outside the scale range (`geom_line()`). Warning: Removed 2 rows containing missing values or values outside the scale range (`geom_line()`). --- finished re-building ‘lmrob_simulation.Rnw’ --- re-building ‘psi_functions.Rnw’ using Sweave Loading required package: robustbase Error: processing vignette 'psi_functions.Rnw' failed with diagnostics: Running 'texi2dvi' on 'psi_functions.tex' failed. LaTeX errors: ! Undefined control sequence. \@currentHref ->definition.\theHdefinition l.58 \begin{definition}\label{def.psi} ! Emergency stop. \@currentHref ->definition.\theHdefinition l.58 \begin{definition}\label{def.psi} ! ==> Fatal error occurred, no output PDF file produced! --- failed re-building ‘psi_functions.Rnw’ SUMMARY: processing the following file failed: ‘psi_functions.Rnw’ Error: Vignette re-building failed. Execution halted Flavors: r-devel-linux-x86_64-fedora-clang, r-devel-linux-x86_64-fedora-gcc