CRAN Package Check Results for Package rockchalk

Last updated on 2024-06-20 08:54:57 CEST.

Flavor Version Tinstall Tcheck Ttotal Status Flags
r-devel-linux-x86_64-debian-clang 1.8.157 15.83 217.50 233.33 NOTE
r-devel-linux-x86_64-debian-gcc 1.8.157 12.54 162.79 175.33 NOTE
r-devel-linux-x86_64-fedora-clang 1.8.157 286.36 NOTE
r-devel-linux-x86_64-fedora-gcc 1.8.157 288.26 NOTE
r-devel-windows-x86_64 1.8.157 14.00 267.00 281.00 NOTE
r-patched-linux-x86_64 1.8.157 17.13 210.95 228.08 NOTE
r-release-linux-x86_64 1.8.157 14.80 209.07 223.87 NOTE
r-release-macos-arm64 1.8.157 103.00 NOTE
r-release-macos-x86_64 1.8.157 141.00 NOTE
r-release-windows-x86_64 1.8.157 15.00 279.00 294.00 NOTE
r-oldrel-macos-arm64 1.8.157 111.00 OK
r-oldrel-macos-x86_64 1.8.157 125.00 NOTE
r-oldrel-windows-x86_64 1.8.157 19.00 285.00 304.00 OK

Check Details

Version: 1.8.157
Check: Rd files
Result: NOTE checkRd: (-1) descriptiveTable.Rd:18: Lost braces 18 | other object type that does not fail in code{model.frame(object)}.} | ^ Flavors: r-devel-linux-x86_64-debian-clang, r-devel-linux-x86_64-debian-gcc, r-devel-linux-x86_64-fedora-clang, r-devel-linux-x86_64-fedora-gcc, r-devel-windows-x86_64, r-patched-linux-x86_64, r-release-linux-x86_64, r-release-macos-arm64, r-release-macos-x86_64, r-release-windows-x86_64

Version: 1.8.157
Check: package dependencies
Result: NOTE Packages suggested but not available for checking: 'car', 'HH' Flavor: r-oldrel-macos-x86_64

Version: 1.8.157
Check: Rd cross-references
Result: NOTE Package unavailable to check Rd xrefs: ‘HH’ Flavor: r-oldrel-macos-x86_64

Version: 1.8.157
Check: re-building of vignette outputs
Result: NOTE Error(s) in re-building vignettes: --- re-building ‘Rchaeology.Rnw’ using Sweave Error: processing vignette 'Rchaeology.Rnw' failed with diagnostics: Running 'texi2dvi' on 'Rchaeology.tex' failed. LaTeX errors: ! LaTeX Error: File `relsize.sty' not found. Type X to quit or <RETURN> to proceed, or enter new name. (Default extension: sty) ! Emergency stop. <read *> l.21 \RequirePackage [T1]{fontenc}^^M ! ==> Fatal error occurred, no output PDF file produced! --- failed re-building 'Rchaeology.Rnw' --- re-building ‘Rstyle.Rnw’ using Sweave Error: processing vignette 'Rstyle.Rnw' failed with diagnostics: Running 'texi2dvi' on 'Rstyle.tex' failed. LaTeX errors: ! LaTeX Error: File `relsize.sty' not found. Type X to quit or <RETURN> to proceed, or enter new name. (Default extension: sty) ! Emergency stop. <read *> l.21 \RequirePackage [T1]{fontenc}^^M ! ==> Fatal error occurred, no output PDF file produced! --- failed re-building 'Rstyle.Rnw' --- re-building ‘outreg.Rnw’ using Sweave Loading required package: car Warning in library(package, lib.loc = lib.loc, character.only = TRUE, logical.return = TRUE, : there is no package called 'car' Loading required package: car Warning in library(package, lib.loc = lib.loc, character.only = TRUE, logical.return = TRUE, : there is no package called 'car' Loading required package: car Warning in library(package, lib.loc = lib.loc, character.only = TRUE, logical.return = TRUE, : there is no package called 'car' Error: processing vignette 'outreg.Rnw' failed with diagnostics: Running 'texi2dvi' on 'outreg.tex' failed. LaTeX errors: ! LaTeX Error: File `relsize.sty' not found. Type X to quit or <RETURN> to proceed, or enter new name. (Default extension: sty) ! Emergency stop. <read *> l.318 ^^M ! ==> Fatal error occurred, no output PDF file produced! --- failed re-building ‘outreg.Rnw’ --- re-building ‘rockchalk.Rnw’ using Sweave Warning: Using formula(x) is deprecated when x is a character vector of length > 1. Consider formula(paste(x, collapse = " ")) instead. Error: processing vignette 'rockchalk.Rnw' failed with diagnostics: Running 'texi2dvi' on 'rockchalk.tex' failed. LaTeX errors: ! LaTeX Error: File `relsize.sty' not found. Type X to quit or <RETURN> to proceed, or enter new name. (Default extension: sty) ! Emergency stop. <read *> l.21 \RequirePackage [T1]{fontenc}^^M ! ==> Fatal error occurred, no output PDF file produced! --- failed re-building 'rockchalk.Rnw' SUMMARY: processing the following files failed: ‘Rchaeology.Rnw’ ‘Rstyle.Rnw’ ‘outreg.Rnw’ ‘rockchalk.Rnw’ Error: Vignette re-building failed. Execution halted Flavor: r-oldrel-macos-x86_64