CRAN Package Check Results for Package rwty

Last updated on 2024-07-20 00:57:03 CEST.

Flavor Version Tinstall Tcheck Ttotal Status Flags
r-devel-linux-x86_64-debian-clang 1.0.2 15.22 125.61 140.83 OK
r-devel-linux-x86_64-debian-gcc 1.0.2 13.15 94.71 107.86 OK
r-devel-linux-x86_64-fedora-clang 1.0.2 180.00 OK
r-devel-linux-x86_64-fedora-gcc 1.0.2 187.89 OK
r-devel-windows-x86_64 1.0.2 15.00 110.00 125.00 NOTE
r-patched-linux-x86_64 1.0.2 24.51 121.90 146.41 OK
r-release-linux-x86_64 1.0.2 15.49 121.12 136.61 OK
r-release-macos-arm64 1.0.2 57.00 OK
r-release-macos-x86_64 1.0.2 82.00 OK
r-release-windows-x86_64 1.0.2 14.00 111.00 125.00 OK
r-oldrel-macos-arm64 1.0.2 56.00 OK
r-oldrel-macos-x86_64 1.0.2 93.00 OK
r-oldrel-windows-x86_64 1.0.2 19.00 135.00 154.00 OK

Check Details

Version: 1.0.2
Check: Rd cross-references
Result: NOTE Found the following Rd file(s) with Rd \link{} targets missing package anchors: load.trees.Rd: read.nexus, read.tree Please provide package anchors for all Rd \link{} targets not in the package itself and the base packages. Flavor: r-devel-windows-x86_64