CRAN Package Check Results for Package sazedR

Last updated on 2024-06-23 00:56:48 CEST.

Flavor Version Tinstall Tcheck Ttotal Status Flags
r-devel-linux-x86_64-debian-clang 2.0.2 5.03 44.54 49.57 NOTE
r-devel-linux-x86_64-debian-gcc 2.0.2 4.03 34.75 38.78 NOTE
r-devel-linux-x86_64-fedora-clang 2.0.2 63.78 NOTE
r-devel-linux-x86_64-fedora-gcc 2.0.2 60.21 NOTE
r-devel-windows-x86_64 2.0.2 7.00 60.00 67.00 NOTE
r-patched-linux-x86_64 2.0.2 4.17 44.06 48.23 NOTE
r-release-linux-x86_64 2.0.2 3.53 43.84 47.37 NOTE
r-release-macos-arm64 2.0.2 24.00 NOTE
r-release-macos-x86_64 2.0.2 33.00 NOTE
r-release-windows-x86_64 2.0.2 7.00 61.00 68.00 NOTE
r-oldrel-macos-arm64 2.0.2 25.00 NOTE
r-oldrel-macos-x86_64 2.0.2 33.00 NOTE
r-oldrel-windows-x86_64 2.0.2 7.00 63.00 70.00 NOTE

Check Details

Version: 2.0.2
Check: LazyData
Result: NOTE 'LazyData' is specified without a 'data' directory Flavors: r-devel-linux-x86_64-debian-clang, r-devel-linux-x86_64-debian-gcc, r-devel-linux-x86_64-fedora-clang, r-devel-linux-x86_64-fedora-gcc, r-devel-windows-x86_64, r-patched-linux-x86_64, r-release-linux-x86_64, r-release-macos-arm64, r-release-macos-x86_64, r-release-windows-x86_64, r-oldrel-macos-arm64, r-oldrel-macos-x86_64, r-oldrel-windows-x86_64