CRAN Package Check Results for Package scDIFtest

Last updated on 2024-06-14 20:49:53 CEST.

Flavor Version Tinstall Tcheck Ttotal Status Flags
r-devel-linux-x86_64-debian-clang 0.1.1 9.48 153.85 163.33 NOTE
r-devel-linux-x86_64-debian-gcc 0.1.1 8.19 109.88 118.07 NOTE
r-devel-linux-x86_64-fedora-clang 0.1.1 202.12 NOTE
r-devel-linux-x86_64-fedora-gcc 0.1.1 203.23 NOTE
r-devel-windows-x86_64 0.1.1 9.00 123.00 132.00 NOTE
r-patched-linux-x86_64 0.1.1 8.82 141.31 150.13 NOTE
r-release-linux-x86_64 0.1.1 9.19 145.15 154.34 NOTE
r-release-macos-arm64 0.1.1 61.00 NOTE
r-release-macos-x86_64 0.1.1 91.00 NOTE
r-release-windows-x86_64 0.1.1 10.00 125.00 135.00 NOTE
r-oldrel-macos-arm64 0.1.1 65.00 NOTE
r-oldrel-macos-x86_64 0.1.1 110.00 NOTE
r-oldrel-windows-x86_64 0.1.1 12.00 146.00 158.00 NOTE

Check Details

Version: 0.1.1
Check: LazyData
Result: NOTE 'LazyData' is specified without a 'data' directory Flavors: r-devel-linux-x86_64-debian-clang, r-devel-linux-x86_64-debian-gcc, r-devel-linux-x86_64-fedora-clang, r-devel-linux-x86_64-fedora-gcc, r-devel-windows-x86_64, r-patched-linux-x86_64, r-release-linux-x86_64, r-release-macos-arm64, r-release-macos-x86_64, r-release-windows-x86_64, r-oldrel-macos-arm64, r-oldrel-macos-x86_64, r-oldrel-windows-x86_64