CRAN Package Check Results for Package scientific

Last updated on 2024-07-14 16:52:43 CEST.

Flavor Version Tinstall Tcheck Ttotal Status Flags
r-devel-linux-x86_64-debian-clang 2024.2 2.97 37.01 39.98 OK
r-devel-linux-x86_64-debian-gcc 2024.2 2.90 28.29 31.19 OK
r-devel-linux-x86_64-fedora-clang 2024.2 52.07 OK
r-devel-linux-x86_64-fedora-gcc 2024.2 60.66 OK
r-devel-windows-x86_64 2024.2 5.00 49.00 54.00 NOTE
r-patched-linux-x86_64 2024.2 6.72 35.37 42.09 OK
r-release-linux-x86_64 2024.2 3.40 34.71 38.11 OK
r-release-macos-arm64 2024.2 26.00 OK
r-release-macos-x86_64 2024.2 36.00 OK
r-release-windows-x86_64 2024.2 4.00 49.00 53.00 OK
r-oldrel-macos-arm64 2024.2 28.00 OK
r-oldrel-macos-x86_64 2024.2 61.00 OK
r-oldrel-windows-x86_64 2024.2 6.00 52.00 58.00 OK

Check Details

Version: 2024.2
Check: Rd cross-references
Result: NOTE Found the following Rd file(s) with Rd \link{} targets missing package anchors: handout.Rd: pdf_document, html_document Please provide package anchors for all Rd \link{} targets not in the package itself and the base packages. Flavor: r-devel-windows-x86_64