CRAN Package Check Results for Package sendmailR

Last updated on 2024-07-23 00:54:38 CEST.

Flavor Version Tinstall Tcheck Ttotal Status Flags
r-devel-linux-x86_64-debian-clang 1.4-0 1.86 29.28 31.14 NOTE
r-devel-linux-x86_64-debian-gcc 1.4-0 1.76 22.07 23.83 NOTE
r-devel-linux-x86_64-fedora-clang 1.4-0 41.01 NOTE
r-devel-linux-x86_64-fedora-gcc 1.4-0 50.97 NOTE
r-devel-windows-x86_64 1.4-0 3.00 46.00 49.00 NOTE
r-patched-linux-x86_64 1.4-0 2.28 28.42 30.70 NOTE
r-release-linux-x86_64 1.4-0 2.38 27.21 29.59 NOTE
r-release-macos-arm64 1.4-0 22.00 NOTE
r-release-macos-x86_64 1.4-0 34.00 NOTE
r-release-windows-x86_64 1.4-0 4.00 45.00 49.00 NOTE
r-oldrel-macos-arm64 1.4-0 22.00 OK
r-oldrel-macos-x86_64 1.4-0 32.00 OK
r-oldrel-windows-x86_64 1.4-0 3.00 47.00 50.00 OK

Check Details

Version: 1.4-0
Check: Rd files
Result: NOTE checkRd: (-1) sendmail_options.Rd:32-35: Lost braces in \itemize; meant \describe ? checkRd: (-1) sendmail_options.Rd:36-37: Lost braces in \itemize; meant \describe ? checkRd: (-1) sendmail_options.Rd:38-39: Lost braces in \itemize; meant \describe ? Flavors: r-devel-linux-x86_64-debian-clang, r-devel-linux-x86_64-debian-gcc, r-devel-linux-x86_64-fedora-clang, r-devel-linux-x86_64-fedora-gcc, r-devel-windows-x86_64, r-patched-linux-x86_64, r-release-linux-x86_64, r-release-macos-arm64, r-release-macos-x86_64, r-release-windows-x86_64